Last updated on 2025-10-24 04:51:11 CEST.
| Flavor | Version | Tinstall | Tcheck | Ttotal | Status | Flags |
|---|---|---|---|---|---|---|
| r-devel-linux-x86_64-debian-clang | 1.2.3 | 5.69 | 42.20 | 47.89 | OK | |
| r-devel-linux-x86_64-debian-gcc | 1.2.3 | 3.49 | 31.95 | 35.44 | OK | |
| r-devel-linux-x86_64-fedora-clang | 1.2.3 | 16.00 | 54.98 | 70.98 | OK | |
| r-devel-linux-x86_64-fedora-gcc | 1.2.3 | 11.00 | 71.65 | 82.65 | OK | |
| r-devel-windows-x86_64 | 1.2.3 | 8.00 | 86.00 | 94.00 | OK | |
| r-patched-linux-x86_64 | 1.2.3 | 6.18 | 39.92 | 46.10 | OK | |
| r-release-linux-x86_64 | 1.2.3 | 4.84 | 40.21 | 45.05 | OK | |
| r-release-macos-arm64 | 1.2.3 | 3.00 | 28.00 | 31.00 | OK | |
| r-release-macos-x86_64 | 1.2.3 | 7.00 | 59.00 | 66.00 | OK | |
| r-release-windows-x86_64 | 1.2.3 | 9.00 | 66.00 | 75.00 | OK | |
| r-oldrel-macos-arm64 | 1.2.3 | 4.00 | 32.00 | 36.00 | OK | |
| r-oldrel-macos-x86_64 | 1.2.3 | 7.00 | 61.00 | 68.00 | NOTE | |
| r-oldrel-windows-x86_64 | 1.2.3 | 11.00 | 76.00 | 87.00 | OK |
Version: 1.2.3
Check: installed package size
Result: NOTE
installed size is 5.5Mb
sub-directories of 1Mb or more:
data 5.1Mb
Flavor: r-oldrel-macos-x86_64