Last updated on 2025-10-24 04:51:11 CEST.
| Flavor | Version | Tinstall | Tcheck | Ttotal | Status | Flags |
|---|---|---|---|---|---|---|
| r-devel-linux-x86_64-debian-clang | 0.1.9 | 38.17 | 30.81 | 68.98 | NOTE | |
| r-devel-linux-x86_64-debian-gcc | 0.1.9 | 21.76 | 25.51 | 47.27 | NOTE | |
| r-devel-linux-x86_64-fedora-clang | 0.1.9 | 125.00 | -1.99 | 123.01 | OK | |
| r-devel-linux-x86_64-fedora-gcc | 0.1.9 | 68.00 | 39.13 | 107.13 | OK | |
| r-devel-windows-x86_64 | 0.1.9 | 41.00 | 65.00 | 106.00 | OK | |
| r-patched-linux-x86_64 | 0.1.9 | 35.61 | 30.08 | 65.69 | OK | |
| r-release-linux-x86_64 | 0.1.9 | 33.47 | 30.58 | 64.05 | OK | |
| r-release-macos-arm64 | 0.1.9 | 12.00 | 21.00 | 33.00 | OK | |
| r-release-macos-x86_64 | 0.1.9 | 22.00 | 32.00 | 54.00 | OK | |
| r-release-windows-x86_64 | 0.1.9 | 41.00 | 71.00 | 112.00 | OK | |
| r-oldrel-macos-arm64 | 0.1.9 | 13.00 | 18.00 | 31.00 | OK | |
| r-oldrel-macos-x86_64 | 0.1.9 | 17.00 | 25.00 | 42.00 | OK | |
| r-oldrel-windows-x86_64 | 0.1.9 | 48.00 | 85.00 | 133.00 | OK |
Version: 0.1.9
Check: CRAN incoming feasibility
Result: NOTE
Maintainer: ‘Fei Zhou <fei.zhou@outlook.com>’
No Authors@R field in DESCRIPTION.
Please add one, modifying
Authors@R: c(person(given = "Fei",
family = "Zhou",
role = c("aut", "cre"),
email = "fei.zhou@outlook.com"),
person(given = "Yuwen",
family = "Liu",
role = "aut"),
person(given = "Xi",
family = "Lu",
role = "aut"),
person(given = "Jie",
family = "Ren",
role = "aut"),
person(given = "Cen",
family = "Wu",
role = "aut"))
as necessary.
Flavors: r-devel-linux-x86_64-debian-clang, r-devel-linux-x86_64-debian-gcc
Version: 0.1.9
Check: HTML version of manual
Result: NOTE
Found the following HTML validation problems:
reformat.html:54:1 (reformat.Rd:14): Warning: missing </ul> before </div>
Flavor: r-devel-linux-x86_64-debian-clang
Version: 0.1.9
Check: Rd files
Result: NOTE
checkRd: (-1) springer-package.Rd:12-16: Only 2 columns allowed in this table (row 3 has 1)
checkRd: (-1) springer-package.Rd:12-16: Only 2 columns allowed in this table (row 6 has 1)
Flavor: r-devel-linux-x86_64-debian-gcc