Last updated on 2025-10-22 05:51:28 CEST.
Flavor | Version | Tinstall | Tcheck | Ttotal | Status | Flags |
---|---|---|---|---|---|---|
r-devel-linux-x86_64-debian-clang | 0.3.4.0 | 5.40 | 50.64 | 56.04 | NOTE | |
r-devel-linux-x86_64-debian-gcc | 0.3.4.0 | 3.83 | 39.02 | 42.85 | NOTE | |
r-devel-linux-x86_64-fedora-clang | 0.3.4.0 | 19.00 | 66.29 | 85.29 | OK | |
r-devel-linux-x86_64-fedora-gcc | 0.3.4.0 | 12.00 | 65.42 | 77.42 | OK | |
r-devel-windows-x86_64 | 0.3.4.0 | 7.00 | 75.00 | 82.00 | OK | |
r-patched-linux-x86_64 | 0.3.4.0 | 6.71 | 47.38 | 54.09 | OK | |
r-release-linux-x86_64 | 0.3.4.0 | 5.87 | 48.32 | 54.19 | OK | |
r-release-macos-arm64 | 0.3.4.0 | 3.00 | 24.00 | 27.00 | OK | |
r-release-macos-x86_64 | 0.3.4.0 | 5.00 | 42.00 | 47.00 | OK | |
r-release-windows-x86_64 | 0.3.4.0 | 9.00 | 76.00 | 85.00 | OK | |
r-oldrel-macos-arm64 | 0.3.4.0 | 3.00 | 28.00 | 31.00 | OK | |
r-oldrel-macos-x86_64 | 0.3.4.0 | 5.00 | 45.00 | 50.00 | OK | |
r-oldrel-windows-x86_64 | 0.3.4.0 | 10.00 | 87.00 | 97.00 | OK |
Version: 0.3.4.0
Check: HTML version of manual
Result: NOTE
Found the following HTML validation problems:
addLoader.html:178:1 (addLoader.Rd:254): Warning: <h6> anchor "Methods" already defined
addLoader.html:241:1 (addLoader.Rd:296): Warning: <h5> anchor "Usage" already defined
addLoader.html:247:1 (addLoader.Rd:300): Warning: <h5> anchor "Arguments" already defined
addLoader.html:261:1 (addLoader.Rd:308): Warning: <h5> anchor "Details" already defined
addLoader.html:281:1 (addLoader.Rd:321): Warning: <h5> anchor "Usage" already defined
addLoader.html:287:1 (addLoader.Rd:325): Warning: <h5> anchor "Arguments" already defined
addLoader.html:311:1 (addLoader.Rd:339): Warning: <h5> anchor "Usage" already defined
addLoader.html:317:1 (addLoader.Rd:343): Warning: <h5> anchor "Arguments" already defined
addLoader.html:331:1 (addLoader.Rd:351): Warning: <h5> anchor "Details" already defined
addLoader.html:348:1 (addLoader.Rd:361): Warning: <h5> anchor "Usage" already defined
addLoader.html:369:1 (addLoader.Rd:380): Warning: <h5> anchor "Arguments" already defined
addLoader.html:424:1 (addLoader.Rd:429): Warning: <h5> anchor "Details" already defined
addLoader.html:445:1 (addLoader.Rd:443): Warning: <h5> anchor "Usage" already defined
addLoader.html:451:1 (addLoader.Rd:447): Warning: <h5> anchor "Arguments" already defined
Flavors: r-devel-linux-x86_64-debian-clang, r-devel-linux-x86_64-debian-gcc