CRAN Package Check Results for Package squid

Last updated on 2025-10-22 05:51:28 CEST.

Flavor Version Tinstall Tcheck Ttotal Status Flags
r-devel-linux-x86_64-debian-clang 0.2.1 4.02 36.05 40.07 NOTE
r-devel-linux-x86_64-debian-gcc 0.2.1 2.67 26.43 29.10 NOTE
r-devel-linux-x86_64-fedora-clang 0.2.1 11.00 46.42 57.42 NOTE
r-devel-linux-x86_64-fedora-gcc 0.2.1 55.43 NOTE
r-devel-windows-x86_64 0.2.1 9.00 50.00 59.00 NOTE
r-patched-linux-x86_64 0.2.1 3.03 32.35 35.38 NOTE
r-release-linux-x86_64 0.2.1 3.81 32.53 36.34 NOTE
r-release-macos-arm64 0.2.1 2.00 18.00 20.00 NOTE
r-release-macos-x86_64 0.2.1 3.00 32.00 35.00 NOTE
r-release-windows-x86_64 0.2.1 6.00 54.00 60.00 NOTE
r-oldrel-macos-arm64 0.2.1 2.00 22.00 24.00 NOTE
r-oldrel-macos-x86_64 0.2.1 3.00 27.00 30.00 NOTE
r-oldrel-windows-x86_64 0.2.1 9.00 59.00 68.00 NOTE

Check Details

Version: 0.2.1
Check: Rd files
Result: NOTE checkRd: (-1) squidR.Rd:83: Lost braces; missing escapes or markup? 83 | \item \code{X1_sto_shared} (default \code{TRUE}): {logical}; if \code{TRUE}, the stochastic environmental effect included in the environmental effect x1 will be shared between individuals. If \code{FALSE}, each individual will experience a different stochastic environmental effect x1 (i.e. a new stochastic environmental effect is generated for each individual). | ^ Flavors: r-devel-linux-x86_64-debian-clang, r-devel-linux-x86_64-debian-gcc, r-devel-linux-x86_64-fedora-clang, r-devel-linux-x86_64-fedora-gcc, r-devel-windows-x86_64, r-patched-linux-x86_64, r-release-linux-x86_64, r-release-macos-arm64, r-release-macos-x86_64, r-release-windows-x86_64, r-oldrel-macos-arm64, r-oldrel-macos-x86_64, r-oldrel-windows-x86_64

Version: 0.2.1
Check: dependencies in R code
Result: NOTE Namespaces in Imports field not imported from: ‘arm’ ‘brms’ ‘lme4’ ‘plotly’ ‘shinyMatrix’ All declared Imports should be used. Flavors: r-devel-linux-x86_64-fedora-clang, r-devel-linux-x86_64-fedora-gcc

Version: 0.2.1
Check: installed package size
Result: NOTE installed size is 5.6Mb sub-directories of 1Mb or more: shiny-squid 5.4Mb Flavors: r-oldrel-macos-arm64, r-oldrel-macos-x86_64, r-oldrel-windows-x86_64