Last updated on 2025-10-22 05:51:28 CEST.
Flavor | Version | Tinstall | Tcheck | Ttotal | Status | Flags |
---|---|---|---|---|---|---|
r-devel-linux-x86_64-debian-clang | 1.3.0 | 11.88 | 164.29 | 176.17 | NOTE | |
r-devel-linux-x86_64-debian-gcc | 1.3.0 | 8.14 | 114.99 | 123.13 | NOTE | |
r-devel-linux-x86_64-fedora-clang | 1.3.0 | 26.00 | 230.67 | 256.67 | OK | |
r-devel-linux-x86_64-fedora-gcc | 1.3.0 | 26.00 | 238.82 | 264.82 | OK | |
r-devel-windows-x86_64 | 1.3.0 | 13.00 | 174.00 | 187.00 | OK | |
r-patched-linux-x86_64 | 1.3.0 | 11.61 | 149.90 | 161.51 | OK | |
r-release-linux-x86_64 | 1.3.0 | 10.88 | 150.23 | 161.11 | OK | |
r-release-macos-arm64 | 1.3.0 | 5.00 | 87.00 | 92.00 | OK | |
r-release-macos-x86_64 | 1.3.0 | 12.00 | 191.00 | 203.00 | OK | |
r-release-windows-x86_64 | 1.3.0 | 14.00 | 176.00 | 190.00 | OK | |
r-oldrel-macos-arm64 | 1.3.0 | 6.00 | 97.00 | 103.00 | OK | |
r-oldrel-macos-x86_64 | 1.3.0 | 19.00 | 357.00 | 376.00 | OK | |
r-oldrel-windows-x86_64 | 1.3.0 | 17.00 | 225.00 | 242.00 | OK |
Version: 1.3.0
Check: HTML version of manual
Result: NOTE
Found the following HTML validation problems:
as_tibble.html:40:1 (as_tibble.Rd:7): Warning: missing </ul> before </div>
srvyr-se-deprecated.html:204:1 (srvyr-se-deprecated.Rd:134): Warning: missing </ul> before </div>
svychisq.html:52:1 (svychisq.Rd:13): Warning: missing </ul> before </div>
tbl_vars.html:40:1 (tbl_vars.Rd:7): Warning: missing </ul> before </div>
Flavors: r-devel-linux-x86_64-debian-clang, r-devel-linux-x86_64-debian-gcc