Last updated on 2025-10-22 05:51:28 CEST.
Flavor | Version | Tinstall | Tcheck | Ttotal | Status | Flags |
---|---|---|---|---|---|---|
r-devel-linux-x86_64-debian-clang | 0.9.4 | 4.30 | 26.46 | 30.76 | OK | |
r-devel-linux-x86_64-debian-gcc | 0.9.4 | 3.60 | 21.98 | 25.58 | OK | |
r-devel-linux-x86_64-fedora-clang | 0.9.4 | 10.00 | 36.77 | 46.77 | OK | |
r-devel-linux-x86_64-fedora-gcc | 0.9.4 | 11.00 | 47.99 | 58.99 | OK | |
r-devel-windows-x86_64 | 0.9.4 | 20.00 | 89.00 | 109.00 | OK | |
r-patched-linux-x86_64 | 0.9.4 | 4.04 | 25.28 | 29.32 | OK | |
r-release-linux-x86_64 | 0.9.4 | 3.98 | 25.09 | 29.07 | OK | |
r-release-macos-arm64 | 0.9.4 | 10.00 | 27.00 | 37.00 | OK | |
r-release-macos-x86_64 | 0.9.4 | 11.00 | 43.00 | 54.00 | OK | |
r-release-windows-x86_64 | 0.9.4 | 22.00 | 90.00 | 112.00 | OK | |
r-oldrel-macos-arm64 | 0.9.4 | 7.00 | 31.00 | 38.00 | OK | |
r-oldrel-macos-x86_64 | 0.9.4 | 12.00 | 53.00 | 65.00 | OK | |
r-oldrel-windows-x86_64 | 0.9.4 | 24.00 | 114.00 | 138.00 | NOTE |
Version: 0.9.4
Check: installed package size
Result: NOTE
installed size is 5.7Mb
sub-directories of 1Mb or more:
libs 4.8Mb
Flavor: r-oldrel-windows-x86_64