Last updated on 2025-10-24 04:51:11 CEST.
| Flavor | Version | Tinstall | Tcheck | Ttotal | Status | Flags |
|---|---|---|---|---|---|---|
| r-devel-linux-x86_64-debian-clang | 1.0 | 8.88 | 83.88 | 92.76 | NOTE | |
| r-devel-linux-x86_64-debian-gcc | 1.0 | 6.70 | 61.68 | 68.38 | NOTE | |
| r-devel-linux-x86_64-fedora-clang | 1.0 | 23.00 | 116.25 | 139.25 | OK | |
| r-devel-linux-x86_64-fedora-gcc | 1.0 | 21.00 | 113.01 | 134.01 | OK | |
| r-devel-windows-x86_64 | 1.0 | 11.00 | 94.00 | 105.00 | OK | |
| r-patched-linux-x86_64 | 1.0 | 10.57 | 80.13 | 90.70 | OK | |
| r-release-linux-x86_64 | 1.0 | 7.68 | 79.79 | 87.47 | OK | |
| r-release-macos-arm64 | 1.0 | 4.00 | 34.00 | 38.00 | OK | |
| r-release-macos-x86_64 | 1.0 | 8.00 | 65.00 | 73.00 | OK | |
| r-release-windows-x86_64 | 1.0 | 12.00 | 97.00 | 109.00 | OK | |
| r-oldrel-macos-arm64 | 1.0 | 4.00 | 35.00 | 39.00 | OK | |
| r-oldrel-macos-x86_64 | 1.0 | 7.00 | 53.00 | 60.00 | OK | |
| r-oldrel-windows-x86_64 | 1.0 | 17.00 | 118.00 | 135.00 | OK |
Version: 1.0
Check: CRAN incoming feasibility
Result: NOTE
Maintainer: ‘Mikhail Zhelonkin <Mikhail.Zhelonkin@gmail.com>’
No Authors@R field in DESCRIPTION.
Please add one, modifying
Authors@R: c(person(given = "Mikhail",
family = "Zhelonkin",
role = c("aut", "cre"),
email = "mikhail.zhelonkin@gmail.com"),
person(given = c("Marc", "G."),
family = "Genton",
role = "aut"),
person(given = "Elvezio",
family = "Ronchetti",
role = "aut"))
as necessary.
Flavors: r-devel-linux-x86_64-debian-clang, r-devel-linux-x86_64-debian-gcc