CRAN Package Check Results for Package ssrm.logmer

Last updated on 2025-10-22 05:51:28 CEST.

Flavor Version Tinstall Tcheck Ttotal Status Flags
r-devel-linux-x86_64-debian-clang 0.1 1.91 20.75 22.66 OK
r-devel-linux-x86_64-debian-gcc 0.1 1.60 16.60 18.20 OK
r-devel-linux-x86_64-fedora-clang 0.1 32.42 OK
r-devel-linux-x86_64-fedora-gcc 0.1 30.76 OK
r-devel-windows-x86_64 0.1 2.00 42.00 44.00 OK
r-patched-linux-x86_64 0.1 2.08 19.96 22.04 OK
r-release-linux-x86_64 0.1 1.96 19.93 21.89 OK
r-release-macos-arm64 0.1 1.00 17.00 18.00 OK
r-release-macos-x86_64 0.1 2.00 23.00 25.00 OK
r-release-windows-x86_64 0.1 3.00 45.00 48.00 OK
r-oldrel-macos-arm64 0.1 1.00 14.00 15.00 NOTE
r-oldrel-macos-x86_64 0.1 2.00 19.00 21.00 NOTE
r-oldrel-windows-x86_64 0.1 4.00 48.00 52.00 NOTE

Check Details

Version: 0.1
Check: LazyData
Result: NOTE 'LazyData' is specified without a 'data' directory Flavors: r-oldrel-macos-arm64, r-oldrel-macos-x86_64, r-oldrel-windows-x86_64