Last updated on 2025-10-22 05:51:28 CEST.
Flavor | Version | Tinstall | Tcheck | Ttotal | Status | Flags |
---|---|---|---|---|---|---|
r-devel-linux-x86_64-debian-clang | 0.7.1 | 13.96 | 163.99 | 177.95 | NOTE | |
r-devel-linux-x86_64-debian-gcc | 0.7.1 | 10.42 | 118.11 | 128.53 | NOTE | |
r-devel-linux-x86_64-fedora-clang | 0.7.1 | 32.00 | 227.65 | 259.65 | OK | |
r-devel-linux-x86_64-fedora-gcc | 0.7.1 | 34.00 | 224.31 | 258.31 | OK | |
r-devel-windows-x86_64 | 0.7.1 | 16.00 | 161.00 | 177.00 | OK | |
r-patched-linux-x86_64 | 0.7.1 | 14.91 | 151.44 | 166.35 | OK | |
r-release-linux-x86_64 | 0.7.1 | 15.70 | 151.11 | 166.81 | OK | |
r-release-macos-arm64 | 0.7.1 | 8.00 | 71.00 | 79.00 | OK | |
r-release-macos-x86_64 | 0.7.1 | 13.00 | 175.00 | 188.00 | OK | |
r-release-windows-x86_64 | 0.7.1 | 18.00 | 158.00 | 176.00 | OK | |
r-oldrel-macos-arm64 | 0.7.1 | 7.00 | 76.00 | 83.00 | NOTE | |
r-oldrel-macos-x86_64 | 0.7.1 | 12.00 | 157.00 | 169.00 | NOTE | |
r-oldrel-windows-x86_64 | 0.7.1 | 21.00 | 209.00 | 230.00 | NOTE |
Version: 0.7.1
Check: HTML version of manual
Result: NOTE
Found the following HTML validation problems:
confidence.html:42:1 (confidence.Rd:9): Warning: missing </ul> before </div>
control.html:40:1 (control.Rd:7): Warning: missing </ul> before </div>
data.html:40:1 (data.Rd:7): Warning: missing </ul> before </div>
gapCV.html:41:1 (gapCV.Rd:8): Warning: missing </ul> before </div>
lambdas.html:43:1 (lambdas.Rd:10): Warning: missing </ul> before </div>
nFold.html:40:1 (nFold.Rd:7): Warning: missing </ul> before </div>
nMCIter.html:40:1 (nMCIter.Rd:7): Warning: missing </ul> before </div>
pattern.html:42:1 (pattern.Rd:9): Warning: missing </ul> before </div>
predictors.html:97:1 (predictors.Rd:46): Warning: missing </ul> before </div>
reltol.html:41:1 (reltol.Rd:8): Warning: missing </ul> before </div>
reportDimensionsOnly.html:42:1 (reportDimensionsOnly.Rd:9): Warning: missing </ul> before </div>
robust.html:40:1 (robust.Rd:7): Warning: missing </ul> before </div>
solver.html:43:1 (solver.Rd:10): Warning: missing </ul> before </div>
strDesign.html:42:1 (strDesign.Rd:9): Warning: missing </ul> before </div>
trace.html:40:1 (trace.Rd:7): Warning: missing </ul> before </div>
Flavors: r-devel-linux-x86_64-debian-clang, r-devel-linux-x86_64-debian-gcc
Version: 0.7.1
Check: installed package size
Result: NOTE
installed size is 5.4Mb
sub-directories of 1Mb or more:
doc 2.0Mb
extdata 2.9Mb
Flavors: r-oldrel-macos-arm64, r-oldrel-macos-x86_64, r-oldrel-windows-x86_64