Last updated on 2025-10-24 04:51:11 CEST.
| Flavor | Version | Tinstall | Tcheck | Ttotal | Status | Flags |
|---|---|---|---|---|---|---|
| r-devel-linux-x86_64-debian-clang | 1.1.6 | 3.64 | 29.94 | 33.58 | NOTE | |
| r-devel-linux-x86_64-debian-gcc | 1.1.6 | 2.95 | 22.99 | 25.94 | NOTE | |
| r-devel-linux-x86_64-fedora-clang | 1.1.6 | 48.01 | NOTE | |||
| r-devel-linux-x86_64-fedora-gcc | 1.1.6 | 45.23 | NOTE | |||
| r-devel-windows-x86_64 | 1.1.6 | 8.00 | 50.00 | 58.00 | NOTE | |
| r-patched-linux-x86_64 | 1.1.6 | 4.40 | 26.03 | 30.43 | NOTE | |
| r-release-linux-x86_64 | 1.1.6 | 3.87 | 26.04 | 29.91 | NOTE | |
| r-release-macos-arm64 | 1.1.6 | 3.00 | 18.00 | 21.00 | NOTE | |
| r-release-macos-x86_64 | 1.1.6 | 5.00 | 28.00 | 33.00 | NOTE | |
| r-release-windows-x86_64 | 1.1.6 | 8.00 | 55.00 | 63.00 | NOTE | |
| r-oldrel-macos-arm64 | 1.1.6 | 3.00 | 15.00 | 18.00 | NOTE | |
| r-oldrel-macos-x86_64 | 1.1.6 | 6.00 | 33.00 | 39.00 | NOTE | |
| r-oldrel-windows-x86_64 | 1.1.6 | 6.00 | 50.00 | 56.00 | NOTE |
Version: 1.1.6
Check: package subdirectories
Result: NOTE
Problems with news in ‘NEWS.md’:
No news entries found.
Flavors: r-devel-linux-x86_64-debian-clang, r-devel-linux-x86_64-debian-gcc, r-devel-linux-x86_64-fedora-clang, r-devel-linux-x86_64-fedora-gcc, r-devel-windows-x86_64, r-patched-linux-x86_64, r-release-linux-x86_64, r-release-macos-arm64, r-release-macos-x86_64, r-release-windows-x86_64, r-oldrel-macos-arm64, r-oldrel-macos-x86_64, r-oldrel-windows-x86_64
Version: 1.1.6
Check: HTML version of manual
Result: NOTE
Found the following HTML validation problems:
Links.html:60:1 (Links.Rd:32): Warning: missing </ul> before </div>
Flavor: r-devel-linux-x86_64-debian-clang