Last updated on 2025-10-22 05:51:28 CEST.
Flavor | Version | Tinstall | Tcheck | Ttotal | Status | Flags |
---|---|---|---|---|---|---|
r-devel-linux-x86_64-debian-clang | 1.1.1 | 14.10 | 410.47 | 424.57 | NOTE | |
r-devel-linux-x86_64-debian-gcc | 1.1.1 | 8.37 | 279.30 | 287.67 | NOTE | |
r-devel-linux-x86_64-fedora-clang | 1.1.1 | 73.00 | 617.14 | 690.14 | OK | |
r-devel-linux-x86_64-fedora-gcc | 1.1.1 | 28.00 | 625.04 | 653.04 | OK | |
r-devel-windows-x86_64 | 1.1.1 | 14.00 | 356.00 | 370.00 | OK | |
r-patched-linux-x86_64 | 1.1.1 | 12.79 | 391.93 | 404.72 | OK | |
r-release-linux-x86_64 | 1.1.1 | 10.27 | 395.06 | 405.33 | OK | |
r-release-macos-arm64 | 1.1.1 | 5.00 | 111.00 | 116.00 | OK | |
r-release-macos-x86_64 | 1.1.1 | 9.00 | 167.00 | 176.00 | OK | |
r-release-windows-x86_64 | 1.1.1 | 14.00 | 354.00 | 368.00 | OK | |
r-oldrel-macos-arm64 | 1.1.1 | 5.00 | 141.00 | 146.00 | OK | |
r-oldrel-macos-x86_64 | 1.1.1 | 9.00 | 207.00 | 216.00 | OK | |
r-oldrel-windows-x86_64 | 1.1.1 | 19.00 | 503.00 | 522.00 | OK |
Version: 1.1.1
Check: HTML version of manual
Result: NOTE
Found the following HTML validation problems:
predict.data_stack.html:52:1 (predict.data_stack.Rd:12): Warning: missing </ul> before </div>
Flavors: r-devel-linux-x86_64-debian-clang, r-devel-linux-x86_64-debian-gcc