Last updated on 2025-10-22 05:51:28 CEST.
Flavor | Version | Tinstall | Tcheck | Ttotal | Status | Flags |
---|---|---|---|---|---|---|
r-devel-linux-x86_64-debian-clang | 3.2.2 | 6.66 | 133.59 | 140.25 | NOTE | |
r-devel-linux-x86_64-debian-gcc | 3.2.2 | 5.97 | 118.61 | 124.58 | NOTE | |
r-devel-linux-x86_64-fedora-clang | 3.2.2 | 16.00 | 212.94 | 228.94 | NOTE | |
r-devel-linux-x86_64-fedora-gcc | 3.2.2 | 16.00 | 203.37 | 219.37 | NOTE | |
r-devel-windows-x86_64 | 3.2.2 | 8.00 | 150.00 | 158.00 | NOTE | |
r-patched-linux-x86_64 | 3.2.2 | 6.38 | 126.31 | 132.69 | NOTE | |
r-release-linux-x86_64 | 3.2.2 | 6.04 | 126.61 | 132.65 | NOTE | |
r-release-macos-arm64 | 3.2.2 | 4.00 | 189.00 | 193.00 | NOTE | |
r-release-macos-x86_64 | 3.2.2 | 21.00 | 311.00 | 332.00 | NOTE | |
r-release-windows-x86_64 | 3.2.2 | 9.00 | 152.00 | 161.00 | NOTE | |
r-oldrel-macos-arm64 | 3.2.2 | 4.00 | 146.00 | 150.00 | NOTE | |
r-oldrel-macos-x86_64 | 3.2.2 | 6.00 | 217.00 | 223.00 | NOTE | |
r-oldrel-windows-x86_64 | 3.2.2 | 10.00 | 178.00 | 188.00 | NOTE |
Version: 3.2.2
Check: Rd files
Result: NOTE
checkRd: (-1) get_fields.Rd:27: Lost braces
27 | codes, the function will return a warning by default, suggesting setting \code{convert_field_names} to code{TRUE}.
| ^
checkRd: (-1) identify_form_fields.Rd:34: Lost braces
34 | codes, the function will return a warning by default, suggesting setting \code{convert_field_names} to code{TRUE}.
| ^
Flavors: r-devel-linux-x86_64-debian-clang, r-devel-linux-x86_64-debian-gcc, r-devel-linux-x86_64-fedora-clang, r-devel-linux-x86_64-fedora-gcc, r-devel-windows-x86_64, r-patched-linux-x86_64, r-release-linux-x86_64, r-release-macos-arm64, r-release-macos-x86_64, r-release-windows-x86_64, r-oldrel-macos-arm64, r-oldrel-macos-x86_64, r-oldrel-windows-x86_64
Version: 3.2.2
Check: HTML version of manual
Result: NOTE
Found the following HTML validation problems:
input_filepath.html:41:1 (input_filepath.Rd:8): Warning: missing </ul> before </div>
output_filepath.html:41:1 (output_filepath.Rd:8): Warning: missing </ul> before </div>
overwrite.html:40:1 (overwrite.Rd:7): Warning: missing </ul> before </div>
Flavors: r-devel-linux-x86_64-debian-clang, r-devel-linux-x86_64-debian-gcc