CRAN Package Check Results for Package starvz

Last updated on 2025-10-22 05:51:28 CEST.

Flavor Version Tinstall Tcheck Ttotal Status Flags
r-devel-linux-x86_64-debian-clang 0.8.3 37.75 126.51 164.26 NOTE
r-devel-linux-x86_64-debian-gcc 0.8.3 30.91 87.29 118.20 NOTE
r-devel-linux-x86_64-fedora-clang 0.8.3 114.00 157.30 271.30 OK
r-devel-linux-x86_64-fedora-gcc 0.8.3 95.00 172.65 267.65 OK
r-devel-windows-x86_64 0.8.3 51.00 149.00 200.00 OK
r-patched-linux-x86_64 0.8.3 45.65 122.18 167.83 OK
r-release-linux-x86_64 0.8.3 41.43 122.70 164.13 OK
r-release-macos-arm64 0.8.3 21.00 46.00 67.00 OK
r-release-macos-x86_64 0.8.3 30.00 88.00 118.00 OK
r-release-windows-x86_64 0.8.3 56.00 150.00 206.00 OK
r-oldrel-macos-arm64 0.8.3 18.00 50.00 68.00 OK
r-oldrel-macos-x86_64 0.8.3 29.00 78.00 107.00 OK
r-oldrel-windows-x86_64 0.8.3 67.00 194.00 261.00 OK

Check Details

Version: 0.8.3
Check: HTML version of manual
Result: NOTE Found the following HTML validation problems: resource_utilization_tree_node.html:69:1 (resource_utilization_tree_node.Rd:24): Warning: missing </ul> before </div> Flavors: r-devel-linux-x86_64-debian-clang, r-devel-linux-x86_64-debian-gcc