Last updated on 2025-10-22 05:51:28 CEST.
| Flavor | Version | Tinstall | Tcheck | Ttotal | Status | Flags |
|---|---|---|---|---|---|---|
| r-devel-linux-x86_64-debian-clang | 0.7.7 | 7.72 | 74.61 | 82.33 | NOTE | |
| r-devel-linux-x86_64-debian-gcc | 0.7.7 | 5.16 | 54.27 | 59.43 | NOTE | |
| r-devel-linux-x86_64-fedora-clang | 0.7.7 | 18.00 | 107.89 | 125.89 | OK | |
| r-devel-linux-x86_64-fedora-gcc | 0.7.7 | 16.00 | 119.35 | 135.35 | OK | |
| r-devel-windows-x86_64 | 0.7.7 | 9.00 | 85.00 | 94.00 | OK | |
| r-patched-linux-x86_64 | 0.7.7 | 7.63 | 68.58 | 76.21 | OK | |
| r-release-linux-x86_64 | 0.7.7 | 6.17 | 68.28 | 74.45 | OK | |
| r-release-macos-arm64 | 0.7.7 | 3.00 | 37.00 | 40.00 | OK | |
| r-release-macos-x86_64 | 0.7.7 | 5.00 | 70.00 | 75.00 | OK | |
| r-release-windows-x86_64 | 0.7.7 | 9.00 | 84.00 | 93.00 | OK | |
| r-oldrel-macos-arm64 | 0.7.7 | 2.00 | 42.00 | 44.00 | OK | |
| r-oldrel-macos-x86_64 | 0.7.7 | 5.00 | 102.00 | 107.00 | OK | |
| r-oldrel-windows-x86_64 | 0.7.7 | 12.00 | 106.00 | 118.00 | OK |
Version: 0.7.7
Check: HTML version of manual
Result: NOTE
Found the following HTML validation problems:
pctile.html:58:1 (pctile.Rd:16): Warning: missing </ul> before </div>
Flavors: r-devel-linux-x86_64-debian-clang, r-devel-linux-x86_64-debian-gcc