Last updated on 2025-10-22 05:51:28 CEST.
Flavor | Version | Tinstall | Tcheck | Ttotal | Status | Flags |
---|---|---|---|---|---|---|
r-devel-linux-x86_64-debian-clang | 1.0.9.1 | 13.09 | 441.65 | 454.74 | OK | |
r-devel-linux-x86_64-debian-gcc | 1.0.9.1 | 9.09 | 302.05 | 311.14 | OK | |
r-devel-linux-x86_64-fedora-clang | 1.0.9.1 | 31.00 | 672.69 | 703.69 | OK | |
r-devel-linux-x86_64-fedora-gcc | 1.0.9.1 | 31.00 | 703.86 | 734.86 | OK | |
r-devel-windows-x86_64 | 1.0.9.1 | 16.00 | 406.00 | 422.00 | OK | |
r-patched-linux-x86_64 | 1.0.9.1 | 13.82 | 445.72 | 459.54 | OK | |
r-release-linux-x86_64 | 1.0.9.1 | 12.90 | 449.35 | 462.25 | OK | |
r-release-macos-arm64 | 1.0.9.1 | 6.00 | 183.00 | 189.00 | OK | |
r-release-macos-x86_64 | 1.0.9.1 | 12.00 | 377.00 | 389.00 | OK | |
r-release-windows-x86_64 | 1.0.9.1 | 16.00 | 416.00 | 432.00 | OK | |
r-oldrel-macos-arm64 | 1.0.9.1 | 7.00 | 185.00 | 192.00 | NOTE | |
r-oldrel-macos-x86_64 | 1.0.9.1 | 13.00 | 345.00 | 358.00 | NOTE | |
r-oldrel-windows-x86_64 | 1.0.9.1 | 23.00 | 559.00 | 582.00 | NOTE |
Version: 1.0.9.1
Check: package dependencies
Result: NOTE
Package suggested but not available for checking: ‘asreml’
Flavors: r-oldrel-macos-arm64, r-oldrel-macos-x86_64, r-oldrel-windows-x86_64
Version: 1.0.9.1
Check: installed package size
Result: NOTE
installed size is 5.0Mb
sub-directories of 1Mb or more:
data 3.5Mb
Flavors: r-oldrel-macos-arm64, r-oldrel-macos-x86_64