Last updated on 2025-07-20 11:50:15 CEST.
Flavor | Version | Tinstall | Tcheck | Ttotal | Status | Flags |
---|---|---|---|---|---|---|
r-devel-linux-x86_64-debian-clang | 2019.6 | 7.80 | 461.69 | 469.49 | NOTE | |
r-devel-linux-x86_64-debian-gcc | 2019.6 | 4.97 | 252.33 | 257.30 | NOTE | |
r-devel-linux-x86_64-fedora-clang | 2019.6 | 810.91 | OK | |||
r-devel-linux-x86_64-fedora-gcc | 2019.6 | 750.22 | OK | |||
r-devel-windows-x86_64 | 2019.6 | 128.00 | 518.00 | 646.00 | OK | |
r-patched-linux-x86_64 | 2019.6 | 6.79 | 420.04 | 426.83 | OK | |
r-release-linux-x86_64 | 2019.6 | 7.55 | 422.43 | 429.98 | OK | |
r-release-macos-arm64 | 2019.6 | 82.00 | NOTE | |||
r-release-macos-x86_64 | 2019.6 | 189.00 | NOTE | |||
r-release-windows-x86_64 | 2019.6 | 130.00 | 542.00 | 672.00 | OK | |
r-oldrel-macos-arm64 | 2019.6 | 85.00 | NOTE | |||
r-oldrel-macos-x86_64 | 2019.6 | 177.00 | NOTE | |||
r-oldrel-windows-x86_64 | 2019.6 | 80.00 | 271.00 | 351.00 | NOTE |
Version: 2019.6
Check: CRAN incoming feasibility
Result: NOTE
Maintainer: ‘Martina Morris <morrism@uw.edu>’
Package CITATION file contains call(s) to old-style personList() or
as.personList(). Please use c() on person objects instead.
Flavors: r-devel-linux-x86_64-debian-clang, r-devel-linux-x86_64-debian-gcc
Version: 2019.6
Check: whether startup messages can be suppressed
Result: NOTE
unable to reach CRAN
It looks like this package (or a package it requires) has a startup
message which cannot be suppressed: see ?packageStartupMessage.
Flavors: r-release-macos-arm64, r-release-macos-x86_64, r-oldrel-macos-arm64, r-oldrel-macos-x86_64, r-oldrel-windows-x86_64
Version: 2019.6
Check: package dependencies
Result: NOTE
Package suggested but not available for checking: ‘networksis’
Flavors: r-oldrel-macos-arm64, r-oldrel-macos-x86_64, r-oldrel-windows-x86_64