Last updated on 2025-10-22 05:51:28 CEST.
Flavor | Version | Tinstall | Tcheck | Ttotal | Status | Flags |
---|---|---|---|---|---|---|
r-devel-linux-x86_64-debian-clang | 3.4.2 | 9.77 | 72.29 | 82.06 | NOTE | |
r-devel-linux-x86_64-debian-gcc | 3.4.2 | 6.76 | 51.74 | 58.50 | NOTE | |
r-devel-linux-x86_64-fedora-clang | 3.4.2 | 21.00 | 99.13 | 120.13 | OK | |
r-devel-linux-x86_64-fedora-gcc | 3.4.2 | 19.00 | 93.12 | 112.12 | OK | |
r-devel-windows-x86_64 | 3.4.2 | 11.00 | 80.00 | 91.00 | OK | |
r-patched-linux-x86_64 | 3.4.2 | 8.67 | 67.44 | 76.11 | OK | |
r-release-linux-x86_64 | 3.4.2 | 9.04 | 66.80 | 75.84 | OK | |
r-release-macos-arm64 | 3.4.2 | 4.00 | 30.00 | 34.00 | OK | |
r-release-macos-x86_64 | 3.4.2 | 8.00 | 59.00 | 67.00 | OK | |
r-release-windows-x86_64 | 3.4.2 | 10.00 | 83.00 | 93.00 | OK | |
r-oldrel-macos-arm64 | 3.4.2 | 4.00 | 35.00 | 39.00 | OK | |
r-oldrel-macos-x86_64 | 3.4.2 | 9.00 | 65.00 | 74.00 | OK | |
r-oldrel-windows-x86_64 | 3.4.2 | 13.00 | 103.00 | 116.00 | OK |
Version: 3.4.2
Check: top-level files
Result: NOTE
Found the following validation problem for the NEWS.Rd HTML conversion:
NEWS.html:134:1 (inst/NEWS.Rd:56): Warning: missing </ul> before </div>
NEWS.html:42:1 (inst/NEWS.Rd:14): Warning: <h4> anchor "Bug-fixes" already defined
NEWS.html:57:1 (inst/NEWS.Rd:21): Warning: <h4> anchor "Bug-fixes" already defined
NEWS.html:118:1 (inst/NEWS.Rd:50): Warning: <h4> anchor "Bug-fixes" already defined
Flavors: r-devel-linux-x86_64-debian-clang, r-devel-linux-x86_64-debian-gcc