Last updated on 2025-10-22 05:51:28 CEST.
Flavor | Version | Tinstall | Tcheck | Ttotal | Status | Flags |
---|---|---|---|---|---|---|
r-devel-linux-x86_64-debian-clang | 1.0.2 | 204.00 | 153.78 | 357.78 | NOTE | |
r-devel-linux-x86_64-debian-gcc | 1.0.2 | 176.13 | 111.88 | 288.01 | NOTE | |
r-devel-linux-x86_64-fedora-clang | 1.0.2 | 377.00 | 155.82 | 532.82 | OK | |
r-devel-linux-x86_64-fedora-gcc | 1.0.2 | 595.00 | 96.89 | 691.89 | OK | |
r-devel-windows-x86_64 | 1.0.2 | 194.00 | 205.00 | 399.00 | OK | |
r-patched-linux-x86_64 | 1.0.2 | 228.26 | 149.17 | 377.43 | OK | |
r-release-linux-x86_64 | 1.0.2 | 220.63 | 151.10 | 371.73 | OK | |
r-release-macos-arm64 | 1.0.2 | 83.00 | 68.00 | 151.00 | OK | |
r-release-macos-x86_64 | 1.0.2 | 204.00 | 159.00 | 363.00 | OK | |
r-release-windows-x86_64 | 1.0.2 | 205.00 | 201.00 | 406.00 | OK | |
r-oldrel-macos-arm64 | 1.0.1 | 59.00 | 62.00 | 121.00 | NOTE | |
r-oldrel-macos-x86_64 | 1.0.1 | 121.00 | 98.00 | 219.00 | NOTE |
Version: 1.0.2
Check: HTML version of manual
Result: NOTE
Found the following HTML validation problems:
show_multivariate_hawkes.html:57:1 (show_multivariate_hawkes.Rd:19): Warning: missing </ul> before </div>
Flavors: r-devel-linux-x86_64-debian-clang, r-devel-linux-x86_64-debian-gcc
Version: 1.0.1
Check: installed package size
Result: NOTE
installed size is 94.3Mb
sub-directories of 1Mb or more:
libs 93.2Mb
Flavors: r-oldrel-macos-arm64, r-oldrel-macos-x86_64