CRAN Package Check Results for Package stochLAB

Last updated on 2025-10-22 05:51:28 CEST.

Flavor Version Tinstall Tcheck Ttotal Status Flags
r-devel-linux-x86_64-debian-clang 1.1.2 13.89 127.35 141.24 NOTE
r-devel-linux-x86_64-debian-gcc 1.1.2 8.66 87.31 95.97 NOTE
r-devel-linux-x86_64-fedora-clang 1.1.2 30.00 187.11 217.11 OK
r-devel-linux-x86_64-fedora-gcc 1.1.2 30.00 188.98 218.98 OK
r-devel-windows-x86_64 1.1.2 14.00 132.00 146.00 OK
r-patched-linux-x86_64 1.1.2 14.84 118.00 132.84 OK
r-release-linux-x86_64 1.1.2 13.61 118.65 132.26 OK
r-release-macos-arm64 1.1.2 7.00 57.00 64.00 OK
r-release-macos-x86_64 1.1.2 14.00 125.00 139.00 OK
r-release-windows-x86_64 1.1.2 17.00 133.00 150.00 OK
r-oldrel-macos-arm64 1.1.2 7.00 60.00 67.00 NOTE
r-oldrel-macos-x86_64 1.1.2 10.00 97.00 107.00 NOTE
r-oldrel-windows-x86_64 1.1.2 20.00 170.00 190.00 NOTE

Check Details

Version: 1.1.2
Check: CRAN incoming feasibility
Result: NOTE Maintainer: ‘Grant Humphries <grwhumphries@blackbawks.net>’ Package CITATION file contains call(s) to old-style personList() or as.personList(). Please use c() on person objects instead. Package CITATION file contains call(s) to old-style citEntry(). Please use bibentry() instead. Flavors: r-devel-linux-x86_64-debian-clang, r-devel-linux-x86_64-debian-gcc

Version: 1.1.2
Check: DESCRIPTION meta-information
Result: NOTE Author field differs from that derived from Authors@R Author: ‘Grant Humphries [aut, cre] (<https://orcid.org/0000-0001-5783-9892>), Bruno Caneco [aut], Aonghais Cook [aut], Elizabeth Masden [aut], Marine Scotland [fnd, cph], HiDef [cph], DMPstats [cph], Kelly Street [rev] (@kstreet13)’ Authors@R: ‘Grant Humphries [aut, cre] (ORCID: <https://orcid.org/0000-0001-5783-9892>), Bruno Caneco [aut], Aonghais Cook [aut], Elizabeth Masden [aut], Marine Scotland [fnd, cph], HiDef [cph], DMPstats [cph], Kelly Street [rev] (GITHUB: @kstreet13)’ Flavors: r-devel-linux-x86_64-debian-clang, r-devel-linux-x86_64-debian-gcc

Version: 1.1.2
Check: installed package size
Result: NOTE installed size is 7.8Mb sub-directories of 1Mb or more: data 7.3Mb Flavors: r-oldrel-macos-arm64, r-oldrel-macos-x86_64, r-oldrel-windows-x86_64