Last updated on 2025-10-22 05:51:28 CEST.
Flavor | Version | Tinstall | Tcheck | Ttotal | Status | Flags |
---|---|---|---|---|---|---|
r-devel-linux-x86_64-debian-clang | 1.1.4 | 43.65 | 157.16 | 200.81 | NOTE | |
r-devel-linux-x86_64-debian-gcc | 1.1.4 | 29.59 | 109.82 | 139.41 | NOTE | |
r-devel-linux-x86_64-fedora-clang | 1.1.4 | 98.00 | 225.61 | 323.61 | OK | |
r-devel-linux-x86_64-fedora-gcc | 1.1.4 | 86.00 | 214.40 | 300.40 | OK | |
r-devel-windows-x86_64 | 1.1.4 | 49.00 | 169.00 | 218.00 | OK | |
r-patched-linux-x86_64 | 1.1.4 | 40.65 | 144.17 | 184.82 | OK | |
r-release-linux-x86_64 | 1.1.4 | 39.37 | 147.52 | 186.89 | OK | |
r-release-macos-arm64 | 1.1.4 | 17.00 | 57.00 | 74.00 | OK | |
r-release-macos-x86_64 | 1.1.4 | 23.00 | 109.00 | 132.00 | OK | |
r-release-windows-x86_64 | 1.1.4 | 51.00 | 171.00 | 222.00 | OK | |
r-oldrel-macos-arm64 | 1.1.4 | 19.00 | 56.00 | 75.00 | OK | |
r-oldrel-macos-x86_64 | 1.1.4 | 33.00 | 121.00 | 154.00 | OK | |
r-oldrel-windows-x86_64 | 1.1.4 | 61.00 | 221.00 | 282.00 | OK |
Version: 1.1.4
Check: CRAN incoming feasibility
Result: NOTE
Maintainer: ‘Dane R. Van Domelen <vandomed@gmail.com>’
No Authors@R field in DESCRIPTION.
Please add one, modifying
Authors@R: person(given = c("Dane", "R."),
family = "Van Domelen",
role = c("aut", "cre"),
email = "vandomed@gmail.com")
as necessary.
Found the following URLs which should use \doi (with the DOI name only):
File ‘stocks.Rd’:
https://doi.org/10.7287/peerj.preprints.3188v1
Flavors: r-devel-linux-x86_64-debian-clang, r-devel-linux-x86_64-debian-gcc