CRAN Package Check Results for Package stratEst

Last updated on 2025-10-22 05:51:28 CEST.

Flavor Version Tinstall Tcheck Ttotal Status Flags
r-devel-linux-x86_64-debian-clang 1.1.7 102.72 54.34 157.06 WARN
r-devel-linux-x86_64-debian-gcc 1.1.8 72.73 40.12 112.85 OK
r-devel-linux-x86_64-fedora-clang 1.1.8 114.00 117.61 231.61 OK
r-devel-linux-x86_64-fedora-gcc 1.1.8 443.00 -172.63 270.37 OK
r-devel-windows-x86_64 1.1.7 103.00 91.00 194.00 WARN
r-patched-linux-x86_64 1.1.7 106.81 50.45 157.26 WARN
r-release-linux-x86_64 1.1.7 113.65 49.97 163.62 WARN
r-release-macos-arm64 1.1.8 44.00 25.00 69.00 OK
r-release-macos-x86_64 1.1.8 93.00 44.00 137.00 OK
r-release-windows-x86_64 1.1.8 100.00 88.00 188.00 OK
r-oldrel-macos-arm64 1.1.8 44.00 30.00 74.00 NOTE
r-oldrel-macos-x86_64 1.1.8 85.00 54.00 139.00 NOTE
r-oldrel-windows-x86_64 1.1.8 82.00 108.00 190.00 OK

Check Details

Version: 1.1.7
Check: whether package can be installed
Result: WARN Found the following significant warnings: stratEst.cpp:1114:19: warning: 'is_finite<double>' is deprecated: change arma::is_finite(val) to std::isfinite(val) [-Wdeprecated-declarations] stratEst.cpp:1131:19: warning: 'is_finite<double>' is deprecated: change arma::is_finite(val) to std::isfinite(val) [-Wdeprecated-declarations] stratEst.cpp:3086:13: warning: 'is_finite<double>' is deprecated: change arma::is_finite(val) to std::isfinite(val) [-Wdeprecated-declarations] stratEst.cpp:3111:27: warning: 'is_finite<double>' is deprecated: change arma::is_finite(val) to std::isfinite(val) [-Wdeprecated-declarations] See ‘/home/hornik/tmp/R.check/r-devel-clang/Work/PKGS/stratEst.Rcheck/00install.out’ for details. * used C compiler: ‘Debian clang version 19.1.7 (7)’ * used C++ compiler: ‘Debian clang version 19.1.7 (7)’ Flavor: r-devel-linux-x86_64-debian-clang

Version: 1.1.7
Check: whether package can be installed
Result: WARN Found the following significant warnings: stratEst.cpp:1114:28: warning: 'bool arma::is_finite(eT, const typename arma_scalar_only<eT>::result*) [with eT = double; typename arma_scalar_only<eT>::result = double]' is deprecated: change arma::is_finite(val) to std::isfinite(val) [-Wdeprecated-declarations] stratEst.cpp:1131:28: warning: 'bool arma::is_finite(eT, const typename arma_scalar_only<eT>::result*) [with eT = double; typename arma_scalar_only<eT>::result = double]' is deprecated: change arma::is_finite(val) to std::isfinite(val) [-Wdeprecated-declarations] stratEst.cpp:3086:22: warning: 'bool arma::is_finite(eT, const typename arma_scalar_only<eT>::result*) [with eT = double; typename arma_scalar_only<eT>::result = double]' is deprecated: change arma::is_finite(val) to std::isfinite(val) [-Wdeprecated-declarations] stratEst.cpp:3111:36: warning: 'bool arma::is_finite(eT, const typename arma_scalar_only<eT>::result*) [with eT = double; typename arma_scalar_only<eT>::result = double]' is deprecated: change arma::is_finite(val) to std::isfinite(val) [-Wdeprecated-declarations] See 'd:/Rcompile/CRANpkg/local/4.6/stratEst.Rcheck/00install.out' for details. * used C compiler: 'gcc.exe (GCC) 14.2.0' * used C++ compiler: 'g++.exe (GCC) 14.2.0' Flavor: r-devel-windows-x86_64

Version: 1.1.7
Check: whether package can be installed
Result: WARN Found the following significant warnings: stratEst.cpp:1114:28: warning: ‘bool arma::is_finite(eT, const typename arma_scalar_only<eT>::result*) [with eT = double; typename arma_scalar_only<eT>::result = double]’ is deprecated: change arma::is_finite(val) to std::isfinite(val) [-Wdeprecated-declarations] stratEst.cpp:1131:28: warning: ‘bool arma::is_finite(eT, const typename arma_scalar_only<eT>::result*) [with eT = double; typename arma_scalar_only<eT>::result = double]’ is deprecated: change arma::is_finite(val) to std::isfinite(val) [-Wdeprecated-declarations] stratEst.cpp:3086:22: warning: ‘bool arma::is_finite(eT, const typename arma_scalar_only<eT>::result*) [with eT = double; typename arma_scalar_only<eT>::result = double]’ is deprecated: change arma::is_finite(val) to std::isfinite(val) [-Wdeprecated-declarations] stratEst.cpp:3111:36: warning: ‘bool arma::is_finite(eT, const typename arma_scalar_only<eT>::result*) [with eT = double; typename arma_scalar_only<eT>::result = double]’ is deprecated: change arma::is_finite(val) to std::isfinite(val) [-Wdeprecated-declarations] See ‘/home/hornik/tmp/R.check/r-patched-gcc/Work/PKGS/stratEst.Rcheck/00install.out’ for details. * used C compiler: ‘gcc-14 (Debian 14.3.0-8) 14.3.0’ * used C++ compiler: ‘g++-14 (Debian 14.3.0-8) 14.3.0’ Flavor: r-patched-linux-x86_64

Version: 1.1.7
Check: whether package can be installed
Result: WARN Found the following significant warnings: stratEst.cpp:1114:28: warning: ‘bool arma::is_finite(eT, const typename arma_scalar_only<eT>::result*) [with eT = double; typename arma_scalar_only<eT>::result = double]’ is deprecated: change arma::is_finite(val) to std::isfinite(val) [-Wdeprecated-declarations] stratEst.cpp:1131:28: warning: ‘bool arma::is_finite(eT, const typename arma_scalar_only<eT>::result*) [with eT = double; typename arma_scalar_only<eT>::result = double]’ is deprecated: change arma::is_finite(val) to std::isfinite(val) [-Wdeprecated-declarations] stratEst.cpp:3086:22: warning: ‘bool arma::is_finite(eT, const typename arma_scalar_only<eT>::result*) [with eT = double; typename arma_scalar_only<eT>::result = double]’ is deprecated: change arma::is_finite(val) to std::isfinite(val) [-Wdeprecated-declarations] stratEst.cpp:3111:36: warning: ‘bool arma::is_finite(eT, const typename arma_scalar_only<eT>::result*) [with eT = double; typename arma_scalar_only<eT>::result = double]’ is deprecated: change arma::is_finite(val) to std::isfinite(val) [-Wdeprecated-declarations] See ‘/home/hornik/tmp/R.check/r-release-gcc/Work/PKGS/stratEst.Rcheck/00install.out’ for details. * used C compiler: ‘gcc-14 (Debian 14.3.0-8) 14.3.0’ * used C++ compiler: ‘g++-14 (Debian 14.3.0-8) 14.3.0’ Flavor: r-release-linux-x86_64

Version: 1.1.8
Check: installed package size
Result: NOTE installed size is 10.2Mb sub-directories of 1Mb or more: libs 8.9Mb Flavors: r-oldrel-macos-arm64, r-oldrel-macos-x86_64