Last updated on 2025-10-22 05:51:28 CEST.
Flavor | Version | Tinstall | Tcheck | Ttotal | Status | Flags |
---|---|---|---|---|---|---|
r-devel-linux-x86_64-debian-clang | 1.8.7 | 123.53 | 72.04 | 195.57 | OK | |
r-devel-linux-x86_64-debian-gcc | 1.8.7 | 78.48 | 51.98 | 130.46 | OK | |
r-devel-linux-x86_64-fedora-clang | 1.8.7 | 593.00 | -114.38 | 478.62 | OK | |
r-devel-linux-x86_64-fedora-gcc | 1.8.7 | 275.00 | 37.13 | 312.13 | OK | |
r-devel-windows-x86_64 | 1.8.7 | 860.00 | 156.00 | 1016.00 | OK | |
r-patched-linux-x86_64 | 1.8.7 | 110.82 | 68.07 | 178.89 | OK | |
r-release-linux-x86_64 | 1.8.7 | 102.11 | 68.14 | 170.25 | OK | |
r-release-macos-arm64 | 1.8.7 | 60.00 | 35.00 | 95.00 | OK | |
r-release-macos-x86_64 | 1.8.7 | 65.00 | 65.00 | 130.00 | OK | |
r-release-windows-x86_64 | 1.8.7 | 898.00 | 172.00 | 1070.00 | OK | |
r-oldrel-macos-arm64 | 1.8.7 | 56.00 | 51.00 | 107.00 | NOTE | |
r-oldrel-macos-x86_64 | 1.8.7 | 59.00 | 101.00 | 160.00 | NOTE | |
r-oldrel-windows-x86_64 | 1.8.7 | 607.00 | 169.00 | 776.00 | NOTE |
Version: 1.8.7
Check: installed package size
Result: NOTE
installed size is 34.7Mb
sub-directories of 1Mb or more:
libs 33.9Mb
Flavors: r-oldrel-macos-arm64, r-oldrel-macos-x86_64, r-oldrel-windows-x86_64