Last updated on 2025-10-22 05:51:28 CEST.
Flavor | Version | Tinstall | Tcheck | Ttotal | Status | Flags |
---|---|---|---|---|---|---|
r-devel-linux-x86_64-debian-clang | 0.1.3 | 2.52 | 23.84 | 26.36 | OK | |
r-devel-linux-x86_64-debian-gcc | 0.1.3 | 1.95 | 19.15 | 21.10 | OK | |
r-devel-linux-x86_64-fedora-clang | 0.1.3 | 36.86 | OK | |||
r-devel-linux-x86_64-fedora-gcc | 0.1.3 | 35.02 | OK | |||
r-devel-windows-x86_64 | 0.1.3 | 7.00 | 42.00 | 49.00 | OK | |
r-patched-linux-x86_64 | 0.1.3 | 2.63 | 21.32 | 23.95 | OK | |
r-release-linux-x86_64 | 0.1.3 | 2.66 | 21.25 | 23.91 | OK | |
r-release-macos-arm64 | 0.1.3 | 2.00 | 16.00 | 18.00 | OK | |
r-release-macos-x86_64 | 0.1.3 | 5.00 | 23.00 | 28.00 | OK | |
r-release-windows-x86_64 | 0.1.3 | 7.00 | 44.00 | 51.00 | OK | |
r-oldrel-macos-arm64 | 0.1.3 | 3.00 | 19.00 | 22.00 | OK | |
r-oldrel-macos-x86_64 | 0.1.3 | 8.00 | 48.00 | 56.00 | OK | |
r-oldrel-windows-x86_64 | 0.1.3 | 9.00 | 48.00 | 57.00 | WARN |
Version: 0.1.3
Check: whether package can be installed
Result: WARN
Found the following significant warnings:
functions.c:46:39: warning: ISO C forbids empty initializer braces before C2X [-Wpedantic]
functions.c:51:28: warning: ISO C forbids empty initializer braces before C2X [-Wpedantic]
functions.c:107:33: warning: ISO C forbids empty initializer braces before C2X [-Wpedantic]
functions.c:108:33: warning: ISO C forbids empty initializer braces before C2X [-Wpedantic]
See 'd:/Rcompile/CRANpkg/local/4.4/structenforcement.Rcheck/00install.out' for details.
* used C compiler: 'gcc.exe (GCC) 13.3.0'
Flavor: r-oldrel-windows-x86_64