Last updated on 2025-10-24 04:51:12 CEST.
| Flavor | Version | Tinstall | Tcheck | Ttotal | Status | Flags |
|---|---|---|---|---|---|---|
| r-devel-linux-x86_64-debian-clang | 0.1 | 5.88 | 81.38 | 87.26 | NOTE | |
| r-devel-linux-x86_64-debian-gcc | 0.1 | 4.73 | 60.49 | 65.22 | OK | |
| r-devel-linux-x86_64-fedora-clang | 0.1 | 14.00 | 119.61 | 133.61 | OK | |
| r-devel-linux-x86_64-fedora-gcc | 0.1 | 13.00 | 122.90 | 135.90 | OK | |
| r-devel-windows-x86_64 | 0.1 | 7.00 | 88.00 | 95.00 | OK | |
| r-patched-linux-x86_64 | 0.1 | 6.27 | 75.79 | 82.06 | OK | |
| r-release-linux-x86_64 | 0.1 | 5.87 | 76.78 | 82.65 | OK | |
| r-release-macos-arm64 | 0.1 | 3.00 | 49.00 | 52.00 | OK | |
| r-release-macos-x86_64 | 0.1 | 5.00 | 82.00 | 87.00 | OK | |
| r-release-windows-x86_64 | 0.1 | 9.00 | 90.00 | 99.00 | OK | |
| r-oldrel-macos-arm64 | 0.1 | 3.00 | 41.00 | 44.00 | OK | |
| r-oldrel-macos-x86_64 | 0.1 | 6.00 | 68.00 | 74.00 | OK | |
| r-oldrel-windows-x86_64 | 0.1 | 9.00 | 116.00 | 125.00 | OK |
Version: 0.1
Check: HTML version of manual
Result: NOTE
Found the following HTML validation problems:
speaker_odds.html:59:1 (speaker_odds.Rd:17): Warning: missing </ul> before </div>
term_influence.html:54:1 (term_influence.Rd:14): Warning: missing </ul> before </div>
Flavor: r-devel-linux-x86_64-debian-clang