Last updated on 2025-10-22 05:51:28 CEST.
Flavor | Version | Tinstall | Tcheck | Ttotal | Status | Flags |
---|---|---|---|---|---|---|
r-devel-linux-x86_64-debian-clang | 1.1.4 | 16.92 | 121.81 | 138.73 | NOTE | |
r-devel-linux-x86_64-debian-gcc | 1.1.4 | 13.62 | 92.83 | 106.45 | NOTE | |
r-devel-linux-x86_64-fedora-clang | 1.1.4 | 82.00 | 150.78 | 232.78 | OK | |
r-devel-linux-x86_64-fedora-gcc | 1.1.4 | 34.00 | 175.23 | 209.23 | OK | |
r-devel-windows-x86_64 | 1.1.4 | 18.00 | 118.00 | 136.00 | OK | |
r-patched-linux-x86_64 | 1.1.4 | 19.51 | 114.64 | 134.15 | OK | |
r-release-linux-x86_64 | 1.1.4 | 17.70 | 111.73 | 129.43 | OK | |
r-release-macos-arm64 | 1.1.4 | 11.00 | 74.00 | 85.00 | OK | |
r-release-macos-x86_64 | 1.1.4 | 16.00 | 104.00 | 120.00 | OK | |
r-release-windows-x86_64 | 1.1.4 | 20.00 | 114.00 | 134.00 | OK | |
r-oldrel-macos-arm64 | 1.1.4 | 8.00 | 77.00 | 85.00 | OK | |
r-oldrel-macos-x86_64 | 1.1.4 | 16.00 | 112.00 | 128.00 | OK | |
r-oldrel-windows-x86_64 | 1.1.4 | 23.00 | 142.00 | 165.00 | OK |
Version: 1.1.4
Check: HTML version of manual
Result: NOTE
Found the following HTML validation problems:
print.stby.html:128:1 (print.stby.Rd:69): Warning: missing </ul> before </div>
Flavors: r-devel-linux-x86_64-debian-clang, r-devel-linux-x86_64-debian-gcc