Last updated on 2025-10-24 04:51:12 CEST.
| Flavor | Version | Tinstall | Tcheck | Ttotal | Status | Flags |
|---|---|---|---|---|---|---|
| r-devel-linux-x86_64-debian-clang | 1.0.1 | 4.79 | 53.87 | 58.66 | NOTE | |
| r-devel-linux-x86_64-debian-gcc | 1.0.1 | 3.67 | 40.85 | 44.52 | NOTE | |
| r-devel-linux-x86_64-fedora-clang | 1.0.1 | 26.00 | 64.40 | 90.40 | OK | |
| r-devel-linux-x86_64-fedora-gcc | 1.0.1 | 14.00 | 70.85 | 84.85 | OK | |
| r-devel-windows-x86_64 | 1.0.1 | 7.00 | 62.00 | 69.00 | OK | |
| r-patched-linux-x86_64 | 1.0.1 | 5.85 | 51.40 | 57.25 | OK | |
| r-release-linux-x86_64 | 1.0.1 | 6.51 | 51.17 | 57.68 | OK | |
| r-release-macos-arm64 | 1.0.1 | 3.00 | 25.00 | 28.00 | OK | |
| r-release-macos-x86_64 | 1.0.1 | 5.00 | 44.00 | 49.00 | OK | |
| r-release-windows-x86_64 | 1.0.1 | 8.00 | 64.00 | 72.00 | OK | |
| r-oldrel-macos-arm64 | 1.0.1 | 3.00 | 25.00 | 28.00 | OK | |
| r-oldrel-macos-x86_64 | 1.0.1 | 4.00 | 37.00 | 41.00 | OK | |
| r-oldrel-windows-x86_64 | 1.0.1 | 9.00 | 75.00 | 84.00 | OK |
Version: 1.0.1
Check: CRAN incoming feasibility
Result: NOTE
Maintainer: ‘Miki Horiguchi <horiguchimiki@gmail.com>’
No Authors@R field in DESCRIPTION.
Please add one, modifying
Authors@R: c(person(given = "Miki",
family = "Horiguchi",
role = c("aut", "cre"),
email = "horiguchimiki@gmail.com"),
person(given = "Hajime",
family = "Uno",
role = "aut"))
as necessary.
Flavors: r-devel-linux-x86_64-debian-clang, r-devel-linux-x86_64-debian-gcc