CRAN Package Check Results for Package surveybootstrap

Last updated on 2025-10-22 05:51:28 CEST.

Flavor Version Tinstall Tcheck Ttotal Status Flags
r-devel-linux-x86_64-debian-clang 0.0.3 24.25 81.65 105.90 NOTE
r-devel-linux-x86_64-debian-gcc 0.0.3 14.77 53.20 67.97 NOTE
r-devel-linux-x86_64-fedora-clang 0.0.3 160.00 25.11 185.11 OK
r-devel-linux-x86_64-fedora-gcc 0.0.3 52.00 100.40 152.40 OK
r-devel-windows-x86_64 0.0.3 29.00 93.00 122.00 OK
r-patched-linux-x86_64 0.0.3 24.06 72.56 96.62 OK
r-release-linux-x86_64 0.0.3 22.82 74.15 96.97 OK
r-release-macos-arm64 0.0.3 9.00 32.00 41.00 OK
r-release-macos-x86_64 0.0.3 15.00 63.00 78.00 OK
r-release-windows-x86_64 0.0.3 32.00 103.00 135.00 OK
r-oldrel-macos-arm64 0.0.3 9.00 31.00 40.00 OK
r-oldrel-macos-x86_64 0.0.3 14.00 50.00 64.00 OK
r-oldrel-windows-x86_64 0.0.3 37.00 129.00 166.00 OK

Check Details

Version: 0.0.3
Check: HTML version of manual
Result: NOTE Found the following HTML validation problems: get.weights.html:47:1 (get.weights.Rd:10): Warning: missing </ul> before </div> vcat.html:50:1 (vcat.Rd:12): Warning: missing </ul> before </div> Flavors: r-devel-linux-x86_64-debian-clang, r-devel-linux-x86_64-debian-gcc