CRAN Package Check Results for Package surveynnet

Last updated on 2025-10-22 05:51:28 CEST.

Flavor Version Tinstall Tcheck Ttotal Status Flags
r-devel-linux-x86_64-debian-clang 1.0.0 1.94 29.22 31.16 NOTE
r-devel-linux-x86_64-debian-gcc 1.0.0 1.47 22.40 23.87 NOTE
r-devel-linux-x86_64-fedora-clang 1.0.0 50.25 OK
r-devel-linux-x86_64-fedora-gcc 1.0.0 44.45 OK
r-devel-windows-x86_64 1.0.0 3.00 51.00 54.00 OK
r-patched-linux-x86_64 1.0.0 1.90 27.14 29.04 OK
r-release-linux-x86_64 1.0.0 1.78 27.01 28.79 OK
r-release-macos-arm64 1.0.0 1.00 19.00 20.00 OK
r-release-macos-x86_64 1.0.0 2.00 29.00 31.00 OK
r-release-windows-x86_64 1.0.0 5.00 52.00 57.00 OK
r-oldrel-macos-arm64 1.0.0 1.00 23.00 24.00 OK
r-oldrel-macos-x86_64 1.0.0 2.00 36.00 38.00 OK
r-oldrel-windows-x86_64 1.0.0 5.00 59.00 64.00 OK

Check Details

Version: 1.0.0
Check: HTML version of manual
Result: NOTE Found the following HTML validation problems: body_fat.html:69:1 (body_fat.Rd:23): Warning: missing </ul> before </div> nhanes.demo.html:69:1 (nhanes.demo.Rd:23): Warning: missing </ul> before </div> Flavors: r-devel-linux-x86_64-debian-clang, r-devel-linux-x86_64-debian-gcc