Last updated on 2025-10-22 05:51:29 CEST.
Flavor | Version | Tinstall | Tcheck | Ttotal | Status | Flags |
---|---|---|---|---|---|---|
r-devel-linux-x86_64-debian-clang | 2.3.8 | 12.77 | 105.97 | 118.74 | OK | |
r-devel-linux-x86_64-debian-gcc | 2.3.8 | 8.32 | 75.36 | 83.68 | OK | |
r-devel-linux-x86_64-fedora-clang | 2.3.8 | 30.00 | 156.99 | 186.99 | OK | |
r-devel-linux-x86_64-fedora-gcc | 2.3.8 | 26.00 | 143.01 | 169.01 | OK | |
r-devel-windows-x86_64 | 2.3.8 | 14.00 | 115.00 | 129.00 | OK | |
r-patched-linux-x86_64 | 2.3.8 | 13.60 | 100.47 | 114.07 | OK | |
r-release-linux-x86_64 | 2.3.8 | 12.42 | 99.71 | 112.13 | OK | |
r-release-macos-arm64 | 2.3.8 | 6.00 | 44.00 | 50.00 | OK | |
r-release-macos-x86_64 | 2.3.8 | 19.00 | 101.00 | 120.00 | OK | |
r-release-windows-x86_64 | 2.3.8 | 15.00 | 120.00 | 135.00 | OK | |
r-oldrel-macos-arm64 | 2.3.8 | 6.00 | 50.00 | 56.00 | OK | |
r-oldrel-macos-x86_64 | 2.3.8 | 18.00 | 101.00 | 119.00 | NOTE | |
r-oldrel-windows-x86_64 | 2.3.8 | 17.00 | 133.00 | 150.00 | OK |
Version: 2.3.8
Check: installed package size
Result: NOTE
installed size is 5.1Mb
sub-directories of 1Mb or more:
data 2.4Mb
Flavor: r-oldrel-macos-x86_64