Last updated on 2025-10-22 05:51:29 CEST.
Flavor | Version | Tinstall | Tcheck | Ttotal | Status | Flags |
---|---|---|---|---|---|---|
r-devel-linux-x86_64-debian-clang | 2.2.1 | 13.30 | 53.21 | 66.51 | NOTE | |
r-devel-linux-x86_64-debian-gcc | 2.2.1 | 9.70 | 39.05 | 48.75 | NOTE | |
r-devel-linux-x86_64-fedora-clang | 2.2.2 | 107.00 | -18.67 | 88.33 | OK | |
r-devel-linux-x86_64-fedora-gcc | 2.2.2 | 140.00 | -36.18 | 103.82 | OK | |
r-devel-windows-x86_64 | 2.2.1 | 20.00 | 88.00 | 108.00 | OK | |
r-patched-linux-x86_64 | 2.2.1 | 14.25 | 49.17 | 63.42 | OK | |
r-release-linux-x86_64 | 2.2.1 | 14.75 | 48.88 | 63.63 | OK | |
r-release-macos-arm64 | 2.2.2 | 9.00 | 27.00 | 36.00 | OK | |
r-release-macos-x86_64 | 2.2.2 | 15.00 | 90.00 | 105.00 | OK | |
r-release-windows-x86_64 | 2.2.1 | 20.00 | 88.00 | 108.00 | OK | |
r-oldrel-macos-arm64 | 2.2.2 | 7.00 | 31.00 | 38.00 | OK | |
r-oldrel-macos-x86_64 | 2.2.2 | 19.00 | 90.00 | 109.00 | OK | |
r-oldrel-windows-x86_64 | 2.2.1 | 25.00 | 110.00 | 135.00 | OK |
Version: 2.2.1
Check: HTML version of manual
Result: NOTE
Found the following HTML validation problems:
create_svgz.html:46:1 (create_svgz.Rd:10): Warning: missing </ul> before </div>
Flavors: r-devel-linux-x86_64-debian-clang, r-devel-linux-x86_64-debian-gcc