Last updated on 2025-10-22 05:51:29 CEST.
Flavor | Version | Tinstall | Tcheck | Ttotal | Status | Flags |
---|---|---|---|---|---|---|
r-devel-linux-x86_64-debian-clang | 0.1.0 | 4.66 | 93.60 | 98.26 | NOTE | |
r-devel-linux-x86_64-debian-gcc | 0.1.0 | 3.96 | 67.55 | 71.51 | NOTE | |
r-devel-linux-x86_64-fedora-clang | 0.1.0 | 30.00 | 132.28 | 162.28 | OK | |
r-devel-linux-x86_64-fedora-gcc | 0.1.0 | 15.00 | 149.89 | 164.89 | OK | |
r-devel-windows-x86_64 | 0.1.0 | 7.00 | 93.00 | 100.00 | OK | |
r-patched-linux-x86_64 | 0.1.0 | 5.58 | 91.38 | 96.96 | OK | |
r-release-linux-x86_64 | 0.1.0 | 4.86 | 91.04 | 95.90 | OK | |
r-release-macos-arm64 | 0.1.0 | 2.00 | 39.00 | 41.00 | OK | |
r-release-macos-x86_64 | 0.1.0 | 5.00 | 71.00 | 76.00 | OK | |
r-release-windows-x86_64 | 0.1.0 | 7.00 | 92.00 | 99.00 | OK | |
r-oldrel-macos-arm64 | 0.1.0 | 2.00 | 38.00 | 40.00 | OK | |
r-oldrel-macos-x86_64 | 0.1.0 | 4.00 | 56.00 | 60.00 | OK | |
r-oldrel-windows-x86_64 | 0.1.0 | 11.00 | 117.00 | 128.00 | OK |
Version: 0.1.0
Check: CRAN incoming feasibility
Result: NOTE
Maintainer: ‘Uditha Amarananda Wijesuriya <u.wijesuriya@usi.edu>’
No Authors@R field in DESCRIPTION.
Please add one, modifying
Authors@R: person(given = c("Uditha", "Amarananda"),
family = "Wijesuriya",
role = c("aut", "cre"),
email = "u.wijesuriya@usi.edu")
as necessary.
Flavors: r-devel-linux-x86_64-debian-clang, r-devel-linux-x86_64-debian-gcc