CRAN Package Check Results for Package svyROC

Last updated on 2025-10-22 05:51:29 CEST.

Flavor Version Tinstall Tcheck Ttotal Status Flags
r-devel-linux-x86_64-debian-clang 1.0.0 7.89 84.96 92.85 NOTE
r-devel-linux-x86_64-debian-gcc 1.0.0 5.73 62.79 68.52 NOTE
r-devel-linux-x86_64-fedora-clang 1.0.0 33.00 115.64 148.64 OK
r-devel-linux-x86_64-fedora-gcc 1.0.0 16.00 128.44 144.44 OK
r-devel-windows-x86_64 1.0.0 9.00 100.00 109.00 OK
r-patched-linux-x86_64 1.0.0 7.81 80.79 88.60 OK
r-release-linux-x86_64 1.0.0 6.82 81.12 87.94 OK
r-release-macos-arm64 1.0.0 5.00 54.00 59.00 OK
r-release-macos-x86_64 1.0.0 7.00 72.00 79.00 OK
r-release-windows-x86_64 1.0.0 8.00 105.00 113.00 OK
r-oldrel-macos-arm64 1.0.0 3.00 37.00 40.00 OK
r-oldrel-macos-x86_64 1.0.0 12.00 98.00 110.00 OK
r-oldrel-windows-x86_64 1.0.0 11.00 120.00 131.00 OK

Check Details

Version: 1.0.0
Check: HTML version of manual
Result: NOTE Found the following HTML validation problems: example_data_wroc.html:58:1 (example_data_wroc.Rd:17): Warning: missing </ul> before </div> example_variables_wroc.html:62:1 (example_variables_wroc.Rd:19): Warning: missing </ul> before </div> Flavors: r-devel-linux-x86_64-debian-clang, r-devel-linux-x86_64-debian-gcc