Last updated on 2025-10-24 04:51:12 CEST.
| Flavor | Version | Tinstall | Tcheck | Ttotal | Status | Flags |
|---|---|---|---|---|---|---|
| r-devel-linux-x86_64-debian-clang | 1.0.0 | 3.00 | 186.37 | 189.37 | NOTE | |
| r-devel-linux-x86_64-debian-gcc | 1.0.0 | 2.18 | 110.41 | 112.59 | OK | |
| r-devel-linux-x86_64-fedora-clang | 1.0.0 | 13.00 | 303.95 | 316.95 | OK | |
| r-devel-linux-x86_64-fedora-gcc | 1.0.0 | 293.47 | OK | |||
| r-devel-windows-x86_64 | 1.0.0 | 5.00 | 167.00 | 172.00 | OK | |
| r-patched-linux-x86_64 | 1.0.0 | 3.30 | 176.90 | 180.20 | OK | |
| r-release-linux-x86_64 | 1.0.0 | 2.92 | 176.40 | 179.32 | OK | |
| r-release-macos-arm64 | 1.0.0 | 1.00 | 71.00 | 72.00 | OK | |
| r-release-macos-x86_64 | 1.0.0 | 3.00 | 155.00 | 158.00 | OK | |
| r-release-windows-x86_64 | 1.0.0 | 4.00 | 168.00 | 172.00 | OK | |
| r-oldrel-macos-arm64 | 1.0.0 | 1.00 | 60.00 | 61.00 | NOTE | |
| r-oldrel-macos-x86_64 | 1.0.0 | 2.00 | 125.00 | 127.00 | NOTE | |
| r-oldrel-windows-x86_64 | 1.0.0 | 4.00 | 237.00 | 241.00 | NOTE |
Version: 1.0.0
Check: HTML version of manual
Result: NOTE
Found the following HTML validation problems:
coefficients.swdft_mod.html:51:1 (coefficients.swdft_mod.Rd:12): Warning: missing </ul> before </div>
demod_swdft.html:50:1 (demod_swdft.Rd:12): Warning: missing </ul> before </div>
fitted.swdft_mod.html:51:1 (fitted.swdft_mod.Rd:12): Warning: missing </ul> before </div>
get_aphi.html:58:1 (get_aphi.Rd:16): Warning: missing </ul> before </div>
get_freq_range.html:50:1 (get_freq_range.Rd:12): Warning: missing </ul> before </div>
get_loglik.html:58:1 (get_loglik.Rd:16): Warning: missing </ul> before </div>
get_p_range.html:62:1 (get_p_range.Rd:18): Warning: missing </ul> before </div>
get_sigma.html:54:1 (get_sigma.Rd:14): Warning: missing </ul> before </div>
get_sl.html:50:1 (get_sl.Rd:12): Warning: missing </ul> before </div>
lcr_loglik.html:62:1 (lcr_loglik.Rd:18): Warning: missing </ul> before </div>
moving_average.html:50:1 (moving_average.Rd:12): Warning: missing </ul> before </div>
plot.swdft.html:137:1 (plot.swdft.Rd:60): Warning: missing </ul> before </div>
plot.swdft_mod.html:55:1 (plot.swdft_mod.Rd:14): Warning: missing </ul> before </div>
residuals.swdft_mod.html:51:1 (residuals.swdft_mod.Rd:12): Warning: missing </ul> before </div>
swdft2d_fft.html:54:1 (swdft2d_fft.Rd:14): Warning: missing </ul> before </div>
swdft2d_fftw.html:54:1 (swdft2d_fftw.Rd:14): Warning: missing </ul> before </div>
swdft_base_3d.html:58:1 (swdft_base_3d.Rd:16): Warning: missing </ul> before </div>
swdft_to_props.html:46:1 (swdft_to_props.Rd:10): Warning: missing </ul> before </div>
unwrap_phase.html:46:1 (unwrap_phase.Rd:10): Warning: missing </ul> before </div>
Flavor: r-devel-linux-x86_64-debian-clang
Version: 1.0.0
Check: LazyData
Result: NOTE
'LazyData' is specified without a 'data' directory
Flavors: r-oldrel-macos-arm64, r-oldrel-macos-x86_64, r-oldrel-windows-x86_64