Last updated on 2025-10-22 05:51:29 CEST.
Flavor | Version | Tinstall | Tcheck | Ttotal | Status | Flags |
---|---|---|---|---|---|---|
r-devel-linux-x86_64-debian-clang | 1.0.7 | 11.17 | 248.68 | 259.85 | NOTE | |
r-devel-linux-x86_64-debian-gcc | 1.0.7 | 8.32 | 161.47 | 169.79 | NOTE | |
r-devel-linux-x86_64-fedora-clang | 1.0.7 | 47.00 | 375.56 | 422.56 | OK | |
r-devel-linux-x86_64-fedora-gcc | 1.0.7 | 23.00 | 402.37 | 425.37 | OK | |
r-devel-windows-x86_64 | 1.0.7 | 14.00 | 269.00 | 283.00 | OK | |
r-patched-linux-x86_64 | 1.0.7 | 11.39 | 244.33 | 255.72 | OK | |
r-release-linux-x86_64 | 1.0.7 | 10.31 | 244.37 | 254.68 | OK | |
r-release-macos-arm64 | 1.0.7 | 7.00 | 131.00 | 138.00 | OK | |
r-release-macos-x86_64 | 1.0.7 | 11.00 | 314.00 | 325.00 | OK | |
r-release-windows-x86_64 | 1.0.7 | 14.00 | 270.00 | 284.00 | OK | |
r-oldrel-macos-arm64 | 1.0.7 | 7.00 | 124.00 | 131.00 | NOTE | |
r-oldrel-macos-x86_64 | 1.0.7 | 9.00 | 254.00 | 263.00 | NOTE | |
r-oldrel-windows-x86_64 | 1.0.7 | 18.00 | 346.00 | 364.00 | NOTE |
Version: 1.0.7
Check: HTML version of manual
Result: NOTE
Found the following HTML validation problems:
get_stanford_sentiment.html:56:1 (get_stanford_sentiment.Rd:13): Warning: missing </ul> before </div>
rescale.html:46:1 (rescale.Rd:10): Warning: missing </ul> before </div>
simple_plot.html:69:1 (simple_plot.Rd:25): Warning: missing </ul> before </div>
Flavors: r-devel-linux-x86_64-debian-clang, r-devel-linux-x86_64-debian-gcc
Version: 1.0.7
Check: installed package size
Result: NOTE
installed size is 6.2Mb
sub-directories of 1Mb or more:
R 2.3Mb
extdata 3.1Mb
Flavors: r-oldrel-macos-arm64, r-oldrel-macos-x86_64, r-oldrel-windows-x86_64