Last updated on 2025-10-22 05:51:29 CEST.
Flavor | Version | Tinstall | Tcheck | Ttotal | Status | Flags |
---|---|---|---|---|---|---|
r-devel-linux-x86_64-debian-clang | 0.2.0 | 15.46 | 77.36 | 92.82 | NOTE | |
r-devel-linux-x86_64-debian-gcc | 0.2.0 | 9.79 | 52.20 | 61.99 | NOTE | |
r-devel-linux-x86_64-fedora-clang | 0.2.0 | 86.00 | 65.06 | 151.06 | OK | |
r-devel-linux-x86_64-fedora-gcc | 0.2.0 | 33.00 | 97.30 | 130.30 | OK | |
r-devel-windows-x86_64 | 0.2.0 | 19.00 | 101.00 | 120.00 | OK | |
r-patched-linux-x86_64 | 0.2.0 | 12.95 | 72.34 | 85.29 | OK | |
r-release-linux-x86_64 | 0.2.0 | 15.07 | 72.20 | 87.27 | OK | |
r-release-macos-arm64 | 0.2.0 | 7.00 | 33.00 | 40.00 | OK | |
r-release-macos-x86_64 | 0.2.0 | 10.00 | 64.00 | 74.00 | OK | |
r-release-windows-x86_64 | 0.2.0 | 18.00 | 100.00 | 118.00 | OK | |
r-oldrel-macos-arm64 | 0.2.0 | 6.00 | 39.00 | 45.00 | OK | |
r-oldrel-macos-x86_64 | 0.2.0 | 12.00 | 62.00 | 74.00 | OK | |
r-oldrel-windows-x86_64 | 0.2.0 | 22.00 | 131.00 | 153.00 | OK |
Version: 0.2.0
Check: HTML version of manual
Result: NOTE
Found the following HTML validation problems:
str.summary.medic.html:55:1 (str.summary.medic.Rd:16): Warning: missing </ul> before </div>
Flavors: r-devel-linux-x86_64-debian-clang, r-devel-linux-x86_64-debian-gcc