Last updated on 2025-10-22 05:51:29 CEST.
Flavor | Version | Tinstall | Tcheck | Ttotal | Status | Flags |
---|---|---|---|---|---|---|
r-devel-linux-x86_64-debian-clang | 0.13.2 | 10.28 | 220.74 | 231.02 | NOTE | |
r-devel-linux-x86_64-debian-gcc | 0.13.2 | 6.67 | 152.71 | 159.38 | NOTE | |
r-devel-linux-x86_64-fedora-clang | 0.13.2 | 47.00 | 317.18 | 364.18 | OK | |
r-devel-linux-x86_64-fedora-gcc | 0.13.2 | 20.00 | 310.28 | 330.28 | OK | |
r-devel-windows-x86_64 | 0.13.2 | 13.00 | 358.00 | 371.00 | OK | |
r-patched-linux-x86_64 | 0.13.2 | 14.28 | 211.23 | 225.51 | OK | |
r-release-linux-x86_64 | 0.13.2 | 8.34 | 210.21 | 218.55 | OK | |
r-release-macos-arm64 | 0.13.2 | 4.00 | 74.00 | 78.00 | OK | |
r-release-macos-x86_64 | 0.13.2 | 9.00 | 118.00 | 127.00 | OK | |
r-release-windows-x86_64 | 0.13.2 | 13.00 | 368.00 | 381.00 | OK | |
r-oldrel-macos-arm64 | 0.13.2 | 4.00 | 79.00 | 83.00 | OK | |
r-oldrel-macos-x86_64 | 0.13.2 | 10.00 | 164.00 | 174.00 | OK | |
r-oldrel-windows-x86_64 | 0.13.2 | 17.00 | 434.00 | 451.00 | OK |
Version: 0.13.2
Check: HTML version of manual
Result: NOTE
Found the following HTML validation problems:
tar_append_static_values.html:52:1 (tar_append_static_values.Rd:13): Warning: missing </ul> before </div>
tar_group_by_run.html:50:1 (tar_group_by_run.Rd:12): Warning: missing </ul> before </div>
tar_group_count_index.html:50:1 (tar_group_count_index.Rd:12): Warning: missing </ul> before </div>
tar_group_count_run.html:50:1 (tar_group_count_run.Rd:12): Warning: missing </ul> before </div>
tar_group_select_run.html:50:1 (tar_group_select_run.Rd:12): Warning: missing </ul> before </div>
tar_group_size_index.html:50:1 (tar_group_size_index.Rd:12): Warning: missing </ul> before </div>
tar_group_size_run.html:46:1 (tar_group_size_run.Rd:10): Warning: missing </ul> before </div>
tar_nanoparquet_convert.html:50:1 (tar_nanoparquet_convert.Rd:12): Warning: missing </ul> before </div>
tar_nanoparquet_read.html:50:1 (tar_nanoparquet_read.Rd:12): Warning: missing </ul> before </div>
tar_nanoparquet_write.html:54:1 (tar_nanoparquet_write.Rd:14): Warning: missing </ul> before </div>
Flavors: r-devel-linux-x86_64-debian-clang, r-devel-linux-x86_64-debian-gcc