Last updated on 2025-10-22 05:51:29 CEST.
Flavor | Version | Tinstall | Tcheck | Ttotal | Status | Flags |
---|---|---|---|---|---|---|
r-devel-linux-x86_64-debian-clang | 0.3.0 | 11.14 | 86.73 | 97.87 | NOTE | |
r-devel-linux-x86_64-debian-gcc | 0.3.0 | 8.10 | 62.73 | 70.83 | NOTE | |
r-devel-linux-x86_64-fedora-clang | 0.3.0 | 54.00 | 103.45 | 157.45 | OK | |
r-devel-linux-x86_64-fedora-gcc | 0.3.0 | 25.00 | 123.13 | 148.13 | OK | |
r-devel-windows-x86_64 | 0.3.0 | 12.00 | 106.00 | 118.00 | OK | |
r-patched-linux-x86_64 | 0.3.0 | 11.12 | 81.62 | 92.74 | OK | |
r-release-linux-x86_64 | 0.3.0 | 10.37 | 81.21 | 91.58 | OK | |
r-release-macos-arm64 | 0.3.0 | 5.00 | 46.00 | 51.00 | OK | |
r-release-macos-x86_64 | 0.3.0 | 9.00 | 85.00 | 94.00 | OK | |
r-release-windows-x86_64 | 0.3.0 | 12.00 | 108.00 | 120.00 | OK | |
r-oldrel-macos-arm64 | 0.3.0 | 5.00 | 50.00 | 55.00 | OK | |
r-oldrel-macos-x86_64 | 0.3.0 | 12.00 | 131.00 | 143.00 | OK | |
r-oldrel-windows-x86_64 | 0.3.0 | 16.00 | 127.00 | 143.00 | OK |
Version: 0.3.0
Check: HTML version of manual
Result: NOTE
Found the following HTML validation problems:
add_concept.html:75:1 (add_concept.Rd:32): Warning: missing </ul> before </div>
collapse_names.html:54:1 (collapse_names.Rd:14): Warning: missing </ul> before </div>
taxlist2df.html:76:1 (taxlist2df.Rd:33): Warning: missing </ul> before </div>
two2one_df.html:47:1 (two2one_df.Rd:10): Warning: missing </ul> before </div>
Flavors: r-devel-linux-x86_64-debian-clang, r-devel-linux-x86_64-debian-gcc