Last updated on 2025-07-19 08:48:54 CEST.
Flavor | Version | Tinstall | Tcheck | Ttotal | Status | Flags |
---|---|---|---|---|---|---|
r-devel-linux-x86_64-debian-clang | 1.6.1 | 5.81 | 45.18 | 50.99 | OK | |
r-devel-linux-x86_64-debian-gcc | 1.6.1 | 5.09 | 42.79 | 47.88 | OK | |
r-devel-linux-x86_64-fedora-clang | 1.6.1 | 78.41 | OK | |||
r-devel-linux-x86_64-fedora-gcc | 1.6.1 | 89.87 | OK | |||
r-devel-windows-x86_64 | 1.6.1 | 10.00 | 66.00 | 76.00 | OK | |
r-patched-linux-x86_64 | 1.6.1 | 5.46 | 38.54 | 44.00 | OK | |
r-release-linux-x86_64 | 1.6.1 | 5.05 | 37.80 | 42.85 | OK | |
r-release-macos-arm64 | 1.6.1 | 108.00 | OK | |||
r-release-macos-x86_64 | 1.6.1 | 170.00 | OK | |||
r-release-windows-x86_64 | 1.6.1 | 10.00 | 63.00 | 73.00 | OK | |
r-oldrel-macos-arm64 | 1.6.1 | 85.00 | NOTE | |||
r-oldrel-macos-x86_64 | 1.6.1 | 120.00 | NOTE | |||
r-oldrel-windows-x86_64 | 1.6.1 | 11.00 | 70.00 | 81.00 | NOTE |
Version: 1.6.1
Check: installed package size
Result: NOTE
installed size is 6.4Mb
sub-directories of 1Mb or more:
tklibs 6.0Mb
Flavors: r-oldrel-macos-arm64, r-oldrel-macos-x86_64, r-oldrel-windows-x86_64