Last updated on 2025-10-24 04:51:13 CEST.
| Flavor | Version | Tinstall | Tcheck | Ttotal | Status | Flags |
|---|---|---|---|---|---|---|
| r-devel-linux-x86_64-debian-clang | 0.0.6 | 2.29 | 24.95 | 27.24 | NOTE | |
| r-devel-linux-x86_64-debian-gcc | 0.0.6 | 1.79 | 19.85 | 21.64 | NOTE | |
| r-devel-linux-x86_64-fedora-clang | 0.0.6 | 11.00 | 28.45 | 39.45 | OK | |
| r-devel-linux-x86_64-fedora-gcc | 0.0.6 | 35.66 | OK | |||
| r-devel-windows-x86_64 | 0.0.6 | 3.00 | 43.00 | 46.00 | OK | |
| r-patched-linux-x86_64 | 0.0.6 | 2.61 | 22.14 | 24.75 | OK | |
| r-release-linux-x86_64 | 0.0.6 | 1.90 | 22.26 | 24.16 | OK | |
| r-release-macos-arm64 | 0.0.6 | 2.00 | 19.00 | 21.00 | OK | |
| r-release-macos-x86_64 | 0.0.6 | 2.00 | 27.00 | 29.00 | OK | |
| r-release-windows-x86_64 | 0.0.6 | 3.00 | 46.00 | 49.00 | OK | |
| r-oldrel-macos-arm64 | 0.0.6 | 1.00 | 17.00 | 18.00 | OK | |
| r-oldrel-macos-x86_64 | 0.0.6 | 2.00 | 23.00 | 25.00 | OK | |
| r-oldrel-windows-x86_64 | 0.0.6 | 3.00 | 50.00 | 53.00 | OK |
Version: 0.0.6
Check: CRAN incoming feasibility
Result: NOTE
Maintainer: ‘Dirk Eddelbuettel <edd@debian.org>’
No Authors@R field in DESCRIPTION.
Please add one, modifying
Authors@R: c(person(given = "Dirk",
family = "Eddelbuettel",
role = c("aut", "cre"),
email = "edd@debian.org"),
person(given = "Kenneth",
family = "Rose",
role = "aut"))
as necessary.
Flavors: r-devel-linux-x86_64-debian-clang, r-devel-linux-x86_64-debian-gcc