Last updated on 2025-10-22 05:51:29 CEST.
Flavor | Version | Tinstall | Tcheck | Ttotal | Status | Flags |
---|---|---|---|---|---|---|
r-devel-linux-x86_64-debian-clang | 0.11.1 | 30.66 | 287.02 | 317.68 | NOTE | |
r-devel-linux-x86_64-debian-gcc | 0.11.1 | 18.47 | 190.51 | 208.98 | NOTE | |
r-devel-linux-x86_64-fedora-clang | 0.11.1 | 154.00 | 333.45 | 487.45 | OK | |
r-devel-linux-x86_64-fedora-gcc | 0.11.1 | 67.00 | 403.05 | 470.05 | OK | |
r-devel-windows-x86_64 | 0.11.1 | 32.00 | 284.00 | 316.00 | OK | |
r-patched-linux-x86_64 | 0.11.1 | 32.14 | 265.03 | 297.17 | OK | |
r-release-linux-x86_64 | 0.11.1 | 24.44 | 264.03 | 288.47 | OK | |
r-release-macos-arm64 | 0.11.1 | 11.00 | 103.00 | 114.00 | OK | |
r-release-macos-x86_64 | 0.11.1 | 25.00 | 167.00 | 192.00 | OK | |
r-release-windows-x86_64 | 0.11.1 | 31.00 | 285.00 | 316.00 | OK | |
r-oldrel-macos-arm64 | 0.11.1 | 11.00 | 104.00 | 115.00 | OK | |
r-oldrel-macos-x86_64 | 0.11.1 | 22.00 | 167.00 | 189.00 | OK | |
r-oldrel-windows-x86_64 | 0.11.1 | 43.00 | 373.00 | 416.00 | OK |
Version: 0.11.1
Check: HTML version of manual
Result: NOTE
Found the following HTML validation problems:
get_g_forest_obj_var_name.html:55:1 (get_g_forest_obj_var_name.Rd:15): Warning: missing </ul> before </div>
get_paramcd_label.html:54:1 (get_paramcd_label.Rd:13): Warning: missing </ul> before </div>
validate_standard_inputs.html:101:1 (validate_standard_inputs.Rd:45): Warning: missing </ul> before </div>
Flavors: r-devel-linux-x86_64-debian-clang, r-devel-linux-x86_64-debian-gcc