Last updated on 2025-10-22 05:51:29 CEST.
Flavor | Version | Tinstall | Tcheck | Ttotal | Status | Flags |
---|---|---|---|---|---|---|
r-devel-linux-x86_64-debian-clang | 0.4.7 | 35.30 | 714.85 | 750.15 | NOTE | |
r-devel-linux-x86_64-debian-gcc | 0.4.7 | 23.57 | 411.46 | 435.03 | NOTE | |
r-devel-linux-x86_64-fedora-clang | 0.4.7 | 86.00 | 643.44 | 729.44 | OK | |
r-devel-linux-x86_64-fedora-gcc | 0.4.7 | 75.00 | 633.22 | 708.22 | OK | |
r-devel-windows-x86_64 | 0.4.7 | 39.00 | 595.00 | 634.00 | OK | |
r-patched-linux-x86_64 | 0.4.7 | 38.69 | 669.67 | 708.36 | OK | |
r-release-linux-x86_64 | 0.4.7 | 34.12 | 668.19 | 702.31 | OK | |
r-release-macos-arm64 | 0.4.7 | 15.00 | 218.00 | 233.00 | OK | |
r-release-macos-x86_64 | 0.4.7 | 32.00 | 603.00 | 635.00 | OK | |
r-release-windows-x86_64 | 0.4.7 | 39.00 | 584.00 | 623.00 | OK | |
r-oldrel-macos-arm64 | 0.4.7 | 13.00 | 225.00 | 238.00 | OK | |
r-oldrel-macos-x86_64 | 0.4.7 | 32.00 | 591.00 | 623.00 | OK | |
r-oldrel-windows-x86_64 | 0.4.7 | 54.00 | 822.00 | 876.00 | OK |
Version: 0.4.7
Check: HTML version of manual
Result: NOTE
Found the following HTML validation problems:
rose_bw.html:63:1 (rose_bw.Rd:23): Warning: missing </ul> before </div>
Flavors: r-devel-linux-x86_64-debian-clang, r-devel-linux-x86_64-debian-gcc