CRAN Package Check Results for Package tesselle

Last updated on 2025-07-21 08:50:20 CEST.

Flavor Version Tinstall Tcheck Ttotal Status Flags
r-devel-linux-x86_64-debian-clang 1.6.0 5.80 35.32 41.12 NOTE
r-devel-linux-x86_64-debian-gcc 1.6.0 4.23 27.49 31.72 NOTE
r-devel-linux-x86_64-fedora-clang 1.6.0 61.21 OK
r-devel-linux-x86_64-fedora-gcc 1.6.0 61.88 OK
r-devel-windows-x86_64 1.6.0 6.00 52.00 58.00 OK
r-patched-linux-x86_64 1.6.0 5.81 32.89 38.70 OK
r-release-linux-x86_64 1.6.0 5.40 33.52 38.92 OK
r-release-macos-arm64 1.6.0 24.00 OK
r-release-macos-x86_64 1.6.0 56.00 OK
r-release-windows-x86_64 1.6.0 6.00 51.00 57.00 OK
r-oldrel-macos-arm64 1.6.0 28.00 OK
r-oldrel-macos-x86_64 1.6.0 58.00 OK
r-oldrel-windows-x86_64 1.6.0 8.00 61.00 69.00 OK

Check Details

Version: 1.6.0
Check: DESCRIPTION meta-information
Result: NOTE Author field differs from that derived from Authors@R Author: ‘Nicolas Frerebeau [aut, cre] (<https://orcid.org/0000-0001-5759-4944>), Brice Lebrun [art] (<https://orcid.org/0000-0001-7503-8685>, Logo designer), Université Bordeaux Montaigne [fnd] (03pbgwk21), CNRS [fnd] (02feahw73)’ Authors@R: ‘Nicolas Frerebeau [aut, cre] (ORCID: <https://orcid.org/0000-0001-5759-4944>), Brice Lebrun [art] (ORCID: <https://orcid.org/0000-0001-7503-8685>, Logo designer), Université Bordeaux Montaigne [fnd] (ROR: <https://ror.org/03pbgwk21>), CNRS [fnd] (ROR: <https://ror.org/02feahw73>)’ Flavors: r-devel-linux-x86_64-debian-clang, r-devel-linux-x86_64-debian-gcc