Last updated on 2025-10-24 04:51:13 CEST.
| Flavor | Version | Tinstall | Tcheck | Ttotal | Status | Flags |
|---|---|---|---|---|---|---|
| r-devel-linux-x86_64-debian-clang | 0.1.5 | 23.58 | 64.84 | 88.42 | OK | |
| r-devel-linux-x86_64-debian-gcc | 0.1.5 | 14.75 | 49.94 | 64.69 | OK | |
| r-devel-linux-x86_64-fedora-clang | 0.1.5 | 144.00 | 15.75 | 159.75 | OK | |
| r-devel-linux-x86_64-fedora-gcc | 0.1.5 | 54.00 | 99.96 | 153.96 | OK | |
| r-devel-windows-x86_64 | 0.1.5 | 31.00 | 104.00 | 135.00 | OK | |
| r-patched-linux-x86_64 | 0.1.5 | 23.25 | 60.80 | 84.05 | OK | |
| r-release-linux-x86_64 | 0.1.5 | 23.00 | 61.44 | 84.44 | OK | |
| r-release-macos-arm64 | 0.1.5 | 9.00 | 40.00 | 49.00 | OK | |
| r-release-macos-x86_64 | 0.1.5 | 12.00 | 84.00 | 96.00 | OK | |
| r-release-windows-x86_64 | 0.1.5 | 33.00 | 101.00 | 134.00 | OK | |
| r-oldrel-macos-arm64 | 0.1.5 | 12.00 | 40.00 | 52.00 | NOTE | |
| r-oldrel-macos-x86_64 | 0.1.5 | 11.00 | 58.00 | 69.00 | NOTE | |
| r-oldrel-windows-x86_64 | 0.1.5 | 40.00 | 126.00 | 166.00 | NOTE |
Version: 0.1.5
Check: LazyData
Result: NOTE
'LazyData' is specified without a 'data' directory
Flavors: r-oldrel-macos-arm64, r-oldrel-macos-x86_64, r-oldrel-windows-x86_64