Last updated on 2025-10-22 05:51:29 CEST.
Flavor | Version | Tinstall | Tcheck | Ttotal | Status | Flags |
---|---|---|---|---|---|---|
r-devel-linux-x86_64-debian-clang | 0.6.1 | 7.68 | 72.30 | 79.98 | NOTE | |
r-devel-linux-x86_64-debian-gcc | 0.6.1 | 5.67 | 56.01 | 61.68 | NOTE | |
r-devel-linux-x86_64-fedora-clang | 0.6.1 | 40.00 | 95.49 | 135.49 | OK | |
r-devel-linux-x86_64-fedora-gcc | 0.6.1 | 16.00 | 118.89 | 134.89 | OK | |
r-devel-windows-x86_64 | 0.6.1 | 10.00 | 123.00 | 133.00 | OK | |
r-patched-linux-x86_64 | 0.6.1 | 7.71 | 69.08 | 76.79 | OK | |
r-release-linux-x86_64 | 0.6.1 | 7.29 | 68.54 | 75.83 | OK | |
r-release-macos-arm64 | 0.6.1 | 4.00 | 52.00 | 56.00 | OK | |
r-release-macos-x86_64 | 0.6.1 | 7.00 | 76.00 | 83.00 | OK | |
r-release-windows-x86_64 | 0.6.1 | 10.00 | 116.00 | 126.00 | OK | |
r-oldrel-macos-arm64 | 0.6.1 | 3.00 | 39.00 | 42.00 | NOTE | |
r-oldrel-macos-x86_64 | 0.6.1 | 5.00 | 62.00 | 67.00 | NOTE | |
r-oldrel-windows-x86_64 | 0.6.1 | 12.00 | 117.00 | 129.00 | NOTE |
Version: 0.6.1
Check: HTML version of manual
Result: NOTE
Found the following HTML validation problems:
predict_savedmodel.export_prediction.html:85:1 (predict_savedmodel.export_prediction.Rd:35): Warning: missing </ul> before </div>
predict_savedmodel.graph_prediction.html:90:1 (predict_savedmodel.graph_prediction.Rd:37): Warning: missing </ul> before </div>
predict_savedmodel.webapi_prediction.html:80:1 (predict_savedmodel.webapi_prediction.Rd:32): Warning: missing </ul> before </div>
Flavors: r-devel-linux-x86_64-debian-clang, r-devel-linux-x86_64-debian-gcc
Version: 0.6.1
Check: LazyData
Result: NOTE
'LazyData' is specified without a 'data' directory
Flavors: r-oldrel-macos-arm64, r-oldrel-macos-x86_64, r-oldrel-windows-x86_64