Last updated on 2025-10-22 05:51:29 CEST.
Flavor | Version | Tinstall | Tcheck | Ttotal | Status | Flags |
---|---|---|---|---|---|---|
r-devel-linux-x86_64-debian-clang | 0.15.2 | 14.50 | 211.16 | 225.66 | NOTE | |
r-devel-linux-x86_64-debian-gcc | 0.15.2 | 10.58 | 140.92 | 151.50 | NOTE | |
r-devel-linux-x86_64-fedora-clang | 0.15.2 | 80.00 | 255.02 | 335.02 | OK | |
r-devel-linux-x86_64-fedora-gcc | 0.15.2 | 31.00 | 282.10 | 313.10 | OK | |
r-devel-windows-x86_64 | 0.15.2 | 22.00 | 302.00 | 324.00 | OK | |
r-patched-linux-x86_64 | 0.15.2 | 40.60 | 192.75 | 233.35 | OK | |
r-release-linux-x86_64 | 0.15.2 | 14.09 | 193.84 | 207.93 | OK | |
r-release-macos-arm64 | 0.15.2 | 5.00 | 69.00 | 74.00 | OK | |
r-release-macos-x86_64 | 0.15.2 | 17.00 | 214.00 | 231.00 | OK | |
r-release-windows-x86_64 | 0.15.2 | 21.00 | 300.00 | 321.00 | OK | |
r-oldrel-macos-arm64 | 0.15.2 | 6.00 | 76.00 | 82.00 | OK | |
r-oldrel-macos-x86_64 | 0.15.2 | 16.00 | 175.00 | 191.00 | OK | |
r-oldrel-windows-x86_64 | 0.15.2 | 24.00 | 339.00 | 363.00 | OK |
Version: 0.15.2
Check: HTML version of manual
Result: NOTE
Found the following HTML validation problems:
initializer_blockwise.html:59:1 (initializer_blockwise.Rd:19): Warning: missing </ul> before </div>
Flavors: r-devel-linux-x86_64-debian-clang, r-devel-linux-x86_64-debian-gcc