CRAN Package Check Results for Package tgver

Last updated on 2025-10-22 05:51:29 CEST.

Flavor Version Tinstall Tcheck Ttotal Status Flags
r-devel-linux-x86_64-debian-clang 0.3.0 2.11 65.27 67.38 NOTE
r-devel-linux-x86_64-debian-gcc 0.3.0 1.70 49.03 50.73 NOTE
r-devel-linux-x86_64-fedora-clang 0.3.0 14.00 92.09 106.09 OK
r-devel-linux-x86_64-fedora-gcc 0.3.0 109.90 OK
r-devel-windows-x86_64 0.3.0 4.00 85.00 89.00 OK
r-patched-linux-x86_64 0.3.0 2.22 60.73 62.95 OK
r-release-linux-x86_64 0.3.0 2.00 61.57 63.57 OK
r-release-macos-arm64 0.3.0 1.00 64.00 65.00 OK
r-release-macos-x86_64 0.3.0 2.00 89.00 91.00 OK
r-release-windows-x86_64 0.3.0 5.00 85.00 90.00 OK
r-oldrel-macos-arm64 0.3.0 1.00 42.00 43.00 OK
r-oldrel-macos-x86_64 0.3.0 2.00 64.00 66.00 OK
r-oldrel-windows-x86_64 0.3.0 5.00 102.00 107.00 OK

Check Details

Version: 0.3.0
Check: HTML version of manual
Result: NOTE Found the following HTML validation problems: background_run.html:56:1 (background_run.Rd:15): Warning: missing </ul> before </div> copy_tgve.html:58:1 (copy_tgve.Rd:16): Warning: missing </ul> before </div> file_replace.html:54:1 (file_replace.Rd:14): Warning: missing </ul> before </div> is_valid_url.html:51:1 (is_valid_url.Rd:10): Warning: missing </ul> before </div> list_api_files.html:50:1 (list_api_files.Rd:12): Warning: missing </ul> before </div> openURL.html:74:1 (openURL.Rd:28): Warning: missing </ul> before </div> Flavors: r-devel-linux-x86_64-debian-clang, r-devel-linux-x86_64-debian-gcc