CRAN Package Check Results for Package thaipdf

Last updated on 2025-10-24 04:51:13 CEST.

Flavor Version Tinstall Tcheck Ttotal Status Flags
r-devel-linux-x86_64-debian-clang 0.1.2 1.67 27.99 29.66 NOTE
r-devel-linux-x86_64-debian-gcc 0.1.2 1.44 22.95 24.39 NOTE
r-devel-linux-x86_64-fedora-clang 0.1.2 47.25 OK
r-devel-linux-x86_64-fedora-gcc 0.1.2 56.15 OK
r-devel-windows-x86_64 0.1.2 4.00 47.00 51.00 NOTE
r-patched-linux-x86_64 0.1.2 1.99 25.72 27.71 NOTE
r-release-linux-x86_64 0.1.2 1.79 25.39 27.18 NOTE
r-release-macos-arm64 0.1.2 2.00 41.00 43.00 OK
r-release-macos-x86_64 0.1.2 2.00 42.00 44.00 OK
r-release-windows-x86_64 0.1.2 5.00 48.00 53.00 NOTE
r-oldrel-macos-arm64 0.1.2 1.00 24.00 25.00 OK
r-oldrel-macos-x86_64 0.1.2 1.00 35.00 36.00 OK
r-oldrel-windows-x86_64 0.1.2 5.00 55.00 60.00 OK

Check Details

Version: 0.1.2
Check: Rd cross-references
Result: NOTE Found the following Rd file(s) with Rd \link{} targets missing package anchors: thaipdf_document.Rd: pdf_document Please provide package anchors for all Rd \link{} targets not in the package itself and the base packages. Flavors: r-devel-linux-x86_64-debian-clang, r-devel-linux-x86_64-debian-gcc, r-devel-windows-x86_64, r-patched-linux-x86_64, r-release-linux-x86_64, r-release-windows-x86_64