Last updated on 2025-10-24 04:51:13 CEST.
| Flavor | Version | Tinstall | Tcheck | Ttotal | Status | Flags |
|---|---|---|---|---|---|---|
| r-devel-linux-x86_64-debian-clang | 0.4.0 | 4.73 | 36.43 | 41.16 | OK | |
| r-devel-linux-x86_64-debian-gcc | 0.4.0 | 3.51 | 28.72 | 32.23 | OK | |
| r-devel-linux-x86_64-fedora-clang | 0.4.0 | 26.00 | 41.43 | 67.43 | OK | |
| r-devel-linux-x86_64-fedora-gcc | 0.4.0 | 74.40 | OK | |||
| r-devel-windows-x86_64 | 0.4.0 | 6.00 | 52.00 | 58.00 | OK | |
| r-patched-linux-x86_64 | 0.4.0 | 5.01 | 33.66 | 38.67 | OK | |
| r-release-linux-x86_64 | 0.4.0 | 4.71 | 33.75 | 38.46 | OK | |
| r-release-macos-arm64 | 0.4.0 | 3.00 | 41.00 | 44.00 | OK | |
| r-release-macos-x86_64 | 0.4.0 | 4.00 | 52.00 | 56.00 | OK | |
| r-release-windows-x86_64 | 0.4.0 | 7.00 | 53.00 | 60.00 | OK | |
| r-oldrel-macos-arm64 | 0.4.0 | 2.00 | 24.00 | 26.00 | NOTE | |
| r-oldrel-macos-x86_64 | 0.4.0 | 3.00 | 37.00 | 40.00 | NOTE | |
| r-oldrel-windows-x86_64 | 0.4.0 | 8.00 | 61.00 | 69.00 | NOTE |
Version: 0.4.0
Check: LazyData
Result: NOTE
'LazyData' is specified without a 'data' directory
Flavors: r-oldrel-macos-arm64, r-oldrel-macos-x86_64, r-oldrel-windows-x86_64