Last updated on 2025-10-22 05:51:29 CEST.
Flavor | Version | Tinstall | Tcheck | Ttotal | Status | Flags |
---|---|---|---|---|---|---|
r-devel-linux-x86_64-debian-clang | 0.16 | 11.47 | 109.96 | 121.43 | NOTE | |
r-devel-linux-x86_64-debian-gcc | 0.16 | 8.66 | 74.23 | 82.89 | NOTE | |
r-devel-linux-x86_64-fedora-clang | 0.16 | 49.00 | 146.53 | 195.53 | OK | |
r-devel-linux-x86_64-fedora-gcc | 0.16 | 23.00 | 164.35 | 187.35 | OK | |
r-devel-windows-x86_64 | 0.16 | 13.00 | 111.00 | 124.00 | OK | |
r-patched-linux-x86_64 | 0.16 | 9.81 | 100.78 | 110.59 | OK | |
r-release-linux-x86_64 | 0.16 | 10.05 | 99.78 | 109.83 | OK | |
r-release-macos-arm64 | 0.16 | 4.00 | 45.00 | 49.00 | OK | |
r-release-macos-x86_64 | 0.16 | 8.00 | 85.00 | 93.00 | OK | |
r-release-windows-x86_64 | 0.16 | 16.00 | 111.00 | 127.00 | OK | |
r-oldrel-macos-arm64 | 0.16 | 4.00 | 50.00 | 54.00 | OK | |
r-oldrel-macos-x86_64 | 0.16 | 6.00 | 70.00 | 76.00 | OK | |
r-oldrel-windows-x86_64 | 0.16 | 17.00 | 142.00 | 159.00 | OK |
Version: 0.16
Check: HTML version of manual
Result: NOTE
Found the following HTML validation problems:
clean_levels.html:58:1 (clean_levels.Rd:17): Warning: missing </ul> before </div>
clean_vec.html:73:1 (clean_vec.Rd:28): Warning: missing </ul> before </div>
from_excel_to_posixt.html:50:1 (from_excel_to_posixt.Rd:12): Warning: missing </ul> before </div>
Flavors: r-devel-linux-x86_64-debian-clang, r-devel-linux-x86_64-debian-gcc