Last updated on 2025-10-24 04:51:13 CEST.
| Flavor | Version | Tinstall | Tcheck | Ttotal | Status | Flags |
|---|---|---|---|---|---|---|
| r-devel-linux-x86_64-debian-clang | 1.2.0 | 9.45 | 41.18 | 50.63 | NOTE | |
| r-devel-linux-x86_64-debian-gcc | 1.2.0 | 7.10 | 31.83 | 38.93 | OK | |
| r-devel-linux-x86_64-fedora-clang | 1.2.0 | 31.00 | 47.91 | 78.91 | OK | |
| r-devel-linux-x86_64-fedora-gcc | 1.2.0 | 27.00 | 61.70 | 88.70 | OK | |
| r-devel-windows-x86_64 | 1.2.0 | 15.00 | 64.00 | 79.00 | OK | |
| r-patched-linux-x86_64 | 1.2.0 | 10.19 | 38.20 | 48.39 | OK | |
| r-release-linux-x86_64 | 1.2.0 | 9.85 | 38.10 | 47.95 | OK | |
| r-release-macos-arm64 | 1.2.0 | 5.00 | 62.00 | 67.00 | OK | |
| r-release-macos-x86_64 | 1.2.0 | 11.00 | 55.00 | 66.00 | OK | |
| r-release-windows-x86_64 | 1.2.0 | 16.00 | 66.00 | 82.00 | OK | |
| r-oldrel-macos-arm64 | 1.2.0 | 5.00 | 57.00 | 62.00 | OK | |
| r-oldrel-macos-x86_64 | 1.2.0 | 13.00 | 57.00 | 70.00 | OK | |
| r-oldrel-windows-x86_64 | 1.2.0 | 16.00 | 80.00 | 96.00 | OK |
Version: 1.2.0
Check: HTML version of manual
Result: NOTE
Found the following HTML validation problems:
storr_thor.html:75:1 (storr_thor.Rd:32): Warning: missing </ul> before </div>
Flavor: r-devel-linux-x86_64-debian-clang